{"id":783,"date":"2018-09-01T11:05:25","date_gmt":"2018-09-01T10:05:25","guid":{"rendered":"https:\/\/1001vertus.com\/?post_type=product&#038;p=783"},"modified":"2026-04-24T18:22:47","modified_gmt":"2026-04-24T17:22:47","slug":"oleo-de-daloe-vera-biologico","status":"publish","type":"product","link":"https:\/\/1001vertus.com\/pt\/produit\/huile-daloe-vera-bio\/","title":{"rendered":"\u00d3leo de alo\u00e9 vera biol\u00f3gico\u00a0"},"content":{"rendered":"<p class=\"western\" align=\"justify\"><span style=\"font-family: Arial, sans-serif;\">L&rsquo;huile d&rsquo;aloe vera provient de l&rsquo;alo\u00e8s, l&rsquo;une des plus anciennes plantes m\u00e9dicinales de la pharmacop\u00e9e traditionnelle.<br \/>\nOn retrouve des traces de son utilisation chez les Sum\u00e9riens (2000 avant J.C.) et dans l\u2019\u00c9gypte ancienne o\u00f9 les femmes l&rsquo;utilisaient pour pr\u00e9server leur beaut\u00e9 et l&rsquo;\u00e9clat de leur peau.<br \/>\nLa tradition voulait m\u00eame que l&rsquo;on apporte un plant d&rsquo;alo\u00e8s, symbole du renouvellement de la vie, comme cadeau, lors des c\u00e9r\u00e9monies fun\u00e9raires.<\/span><\/p>\n<p class=\"western\" align=\"justify\"><span style=\"font-family: Arial, sans-serif;\">On r\u00e9colte cette pulpe \u00e9paisse et transparente, le jus d\u2019aloe vera, par incision de ses feuilles charnues.\u00a0C&rsquo;est ce jus qui est mis \u00e0 mac\u00e9rer dans l&rsquo;huile v\u00e9g\u00e9tale vierge de Tournesol BIO afin d&rsquo;en extraire les actifs liposolubles.<\/span><\/p>\n<p class=\"western\" align=\"justify\"><span style=\"font-family: Arial, sans-serif;\">\u00c9 excelente para a pele e para o cabelo. \u00c9 <\/span><span style=\"font-family: Arial, sans-serif;\">pr\u00e9vient les signes du vieillissement, aide \u00e0 <\/span><span style=\"font-family: Arial, sans-serif;\">traiter les probl\u00e8mes de peaux, s<\/span><span style=\"font-family: Arial, sans-serif;\">timule la production de collag\u00e8ne. Quant au cheveux, elle les l<\/span><span style=\"font-family: Arial, sans-serif;\">isse e alimenta-os em profundidade e t<\/span><span style=\"font-family: Arial, sans-serif;\">elimina a caspa.<\/span><\/p>\n<p class=\"western\" align=\"justify\"><span style=\"font-family: Arial, sans-serif;\">\u00a0<\/span><\/p>\n<p class=\"western\" align=\"justify\"><span style=\"font-family: Arial, sans-serif;\"><i><u><b>VERTUS<\/b><\/u><\/i><\/span><\/p>\n<p class=\"western\" align=\"justify\"><strong><span style=\"font-family: Arial, sans-serif;\"><u>Utilizar o \u00f3leo de alo\u00e9 vera para a pele :<\/u><\/span><\/strong><\/p>\n<ul>\n<li>\n<p class=\"western\" align=\"justify\"><span style=\"font-family: Arial, sans-serif;\">Nutritivo e suavizante, torna a pele mais bonita,<\/span><span style=\"font-family: Arial, sans-serif;\"> mais flex\u00edvel e a tez mais luminosa,<\/span><\/p>\n<\/li>\n<li>\n<p class=\"western\" align=\"justify\"><span style=\"font-family: Arial, sans-serif;\">Illuminateur, il permet de revitaliser les peaux s\u00e8ches et ternes,<\/span><\/p>\n<\/li>\n<li>\n<p class=\"western\" align=\"justify\"><span style=\"font-family: Arial, sans-serif;\">Repulpante et anti \u00e2ge. Elle<\/span><span style=\"font-family: Arial, sans-serif;\"> favorise la r\u00e9g\u00e9n\u00e9ration de la peau et p<\/span><span style=\"font-family: Arial, sans-serif;\">r\u00e9vient de l&rsquo;apparition de rides, ridules et vergetures.<\/span><\/p>\n<\/li>\n<li>\n<p class=\"western\" align=\"justify\"><span style=\"font-family: Arial, sans-serif;\">Revitalisant et lissant, cette huile est un ingr\u00e9dient de choix pour redonner de l&rsquo;\u00e9lasticit\u00e9 \u00e0 votre peau <\/span><span style=\"font-family: Arial, sans-serif;\">et pr\u00e9vient les signes du vieillissement,<\/span><\/p>\n<\/li>\n<li>\n<p class=\"western\" align=\"justify\"><span style=\"font-family: Arial, sans-serif;\">Aide \u00e0 <\/span><span style=\"font-family: Arial, sans-serif;\">traiter les probl\u00e8mes de peau tels que l\u2019acn\u00e9, le psoriasis, l\u2019ecz\u00e9ma et les rougeurs. Sa nature apaisante la rend efficace pour traiter et soulager les douleurs provoqu\u00e9es par l\u2019herp\u00e8s et <\/span><span style=\"color: #000080;\"><span lang=\"zxx\"><a class=\"western\" href=\"https:\/\/articles.mercola.com\/shingles.aspx\" target=\"_blank\" rel=\"noopener\"><span style=\"font-family: Arial, sans-serif;\">l<\/span><\/a><\/span><\/span><span style=\"font-family: Arial, sans-serif;\">e zona.<\/span><\/p>\n<\/li>\n<li>\n<p class=\"western\" align=\"justify\"><span style=\"font-family: Arial, sans-serif;\">Anti-oxydante, elle aide la peau \u00e0 gu\u00e9rir rapidement des<\/span><span style=\"color: #000000;\"><span style=\"font-family: Arial, sans-serif;\"> queimaduras solares,<\/span><\/span><\/p>\n<\/li>\n<li>\n<p class=\"western\" align=\"justify\"><span style=\"font-family: Arial, sans-serif;\">Les personnes souffrant d\u2019arthrose<\/span> <span style=\"font-family: Arial, sans-serif;\">peuvent \u00e9galement \u00eatre soulag\u00e9es par l&rsquo;aloe vera. En application sur les articulations douloureuses, il peut aider \u00e0 r\u00e9duire l\u2019inflammation.<\/span><\/p>\n<\/li>\n<li>\n<p class=\"western\" align=\"justify\"><span style=\"font-family: Arial, sans-serif;\">Calmante<\/span><span style=\"font-family: Arial, sans-serif;\">. Peut \u00eatre utilis\u00e9e pour apaiser un coup de soleil ou le feu du rasoir,<\/span><\/p>\n<\/li>\n<li>\n<p class=\"western\" align=\"justify\"><span style=\"font-family: Arial, sans-serif;\">Stimule la production de collag\u00e8ne.<\/span><\/p>\n<\/li>\n<\/ul>\n<p>&nbsp;<\/p>\n<p class=\"western\" align=\"justify\"><strong><span style=\"font-family: Arial, sans-serif;\"><u>Utilisation de l&rsquo;huile d&rsquo;aloe vera sur les cheveux\u00a0:<\/u><\/span><\/strong><\/p>\n<ul>\n<li>\n<p class=\"western\" align=\"justify\"><span style=\"font-family: Arial, sans-serif;\">Suaviza e nutre profundamente o cabelo,<\/span><\/p>\n<\/li>\n<li>\n<p class=\"western\" align=\"justify\"><span style=\"font-family: Arial, sans-serif;\">Redonne vitalit\u00e9 aux cheveux secs et cassants,<\/span><\/p>\n<\/li>\n<li>\n<p class=\"western\" align=\"justify\"><span style=\"font-family: Arial, sans-serif;\">Les embellit\u00a0: am\u00e9liore leur brillance et leur souplesse,<\/span><\/p>\n<\/li>\n<li>\n<p class=\"western\" align=\"justify\"><span style=\"font-family: Arial, sans-serif;\">Trata a caspa.<\/span><\/p>\n<\/li>\n<\/ul>\n<p><u><b>Ingredientes INCI :<\/b><\/u><\/p>\n<p>\u00d3leo de sementes de Helianthus annuus<\/p>\n<p>Extrato de folha de Aloe barbadensis<\/p>\n<p>&nbsp;<\/p>\n<p><u><b>Capacidade :<\/b><\/u> 50ml<\/p>\n<p><u><b>Origem :<\/b><\/u> Alemanha<\/p>\n<p align=\"justify\">","protected":false},"excerpt":{"rendered":"<p class=\"western\" align=\"justify\"><span style=\"font-family: Arial, sans-serif;\">L&rsquo;huile d&rsquo;aloe vera BIO est un mac\u00e9r\u00e2t huileux d&rsquo;une pulpe \u00e9paisse et transparente, le jus d\u2019aloe vera extrait de feuille d&rsquo;alo\u00e8s issu de l&rsquo;agriculture biologique, dans de l&rsquo;huile de tournesol vierge certifi\u00e9e Biologique par COSMOS et KOSHER. <\/span><\/p>\n<p class=\"western\" align=\"justify\"><span style=\"font-family: Arial, sans-serif;\">V\u00e9gan et sans OGM, elle est 100% pure et naturelle, et de qualit\u00e9 cosm\u00e9tique et alimentaire. <\/span><\/p>\n<p class=\"western\" align=\"justify\"><span style=\"font-family: Arial, sans-serif;\">Tr\u00e8s pris\u00e9 pour ses propri\u00e9t\u00e9s nutritives, revitalisantes et lissantes, ce mac\u00e9r\u00e2t est un ingr\u00e9dient parfaitement adapt\u00e9 aux peaux s\u00e8ches et ab\u00eem\u00e9es. C\u2019est l\u2019occasion de retrouver sous une forme huileuse tr\u00e8s douce et nourrissante cette plante aux vertus merveilleuses<\/span><span style=\"font-family: Arial, sans-serif;\"> na pele e no cabelo.<\/span><\/p>\n<p class=\"western\" align=\"justify\"><span style=\"font-family: Arial, sans-serif;\">E<\/span><span style=\"font-family: Arial, sans-serif;\">lle est \u00e9galement anti-inflammatoire, anti-bact\u00e9rienne, anti-virale, anti-fongique,<\/span><span style=\"color: #000000;\"><span style=\"font-family: Arial, sans-serif;\"> antioxidante,<\/span><\/span><span style=\"font-family: Arial, sans-serif;\"> e adstringente. <\/span><\/p>","protected":false},"featured_media":862,"template":"","meta":[],"product_brand":[],"product_cat":[15,27],"product_tag":[],"class_list":{"0":"post-783","1":"product","2":"type-product","3":"status-publish","4":"has-post-thumbnail","6":"product_cat-huiles-bio","7":"product_cat-bien-etre","9":"first","10":"instock","11":"shipping-taxable","12":"purchasable","13":"product-type-simple"},"_links":{"self":[{"href":"https:\/\/1001vertus.com\/pt\/wp-json\/wp\/v2\/product\/783","targetHints":{"allow":["GET"]}}],"collection":[{"href":"https:\/\/1001vertus.com\/pt\/wp-json\/wp\/v2\/product"}],"about":[{"href":"https:\/\/1001vertus.com\/pt\/wp-json\/wp\/v2\/types\/product"}],"wp:featuredmedia":[{"embeddable":true,"href":"https:\/\/1001vertus.com\/pt\/wp-json\/wp\/v2\/media\/862"}],"wp:attachment":[{"href":"https:\/\/1001vertus.com\/pt\/wp-json\/wp\/v2\/media?parent=783"}],"wp:term":[{"taxonomy":"product_brand","embeddable":true,"href":"https:\/\/1001vertus.com\/pt\/wp-json\/wp\/v2\/product_brand?post=783"},{"taxonomy":"product_cat","embeddable":true,"href":"https:\/\/1001vertus.com\/pt\/wp-json\/wp\/v2\/product_cat?post=783"},{"taxonomy":"product_tag","embeddable":true,"href":"https:\/\/1001vertus.com\/pt\/wp-json\/wp\/v2\/product_tag?post=783"}],"curies":[{"name":"wp","href":"https:\/\/api.w.org\/{rel}","templated":true}]}}

Óleo de aloé vera biológico

<p class="western" align="justify"><span style="font-family: Arial, sans-serif;">L&rsquo;huile d&rsquo;aloe vera provient de l&rsquo;aloès, l&rsquo;une des plus anciennes plantes médicinales de la pharmacopée traditionnelle.<br />
On retrouve des traces de son utilisation chez les Sumériens (2000 avant J.C.) et dans l’Égypte ancienne où les femmes l&rsquo;utilisaient pour préserver leur beauté et l&rsquo;éclat de leur peau.<br />
La tradition voulait même que l&rsquo;on apporte un plant d&rsquo;aloès, symbole du renouvellement de la vie, comme cadeau, lors des cérémonies funéraires.</span></p>
<p class="western" align="justify"><span style="font-family: Arial, sans-serif;">On récolte cette pulpe épaisse et transparente, le jus d’aloe vera, par incision de ses feuilles charnues. C&rsquo;est ce jus qui est mis à macérer dans l&rsquo;huile végétale vierge de Tournesol BIO afin d&rsquo;en extraire les actifs liposolubles.</span></p>
<p class="western" align="justify"><span style="font-family: Arial, sans-serif;">É excelente para a pele e para o cabelo. É </span><span style="font-family: Arial, sans-serif;">prévient les signes du vieillissement, aide à </span><span style="font-family: Arial, sans-serif;">traiter les problèmes de peaux, s</span><span style="font-family: Arial, sans-serif;">timule la production de collagène. Quant au cheveux, elle les l</span><span style="font-family: Arial, sans-serif;">isse e alimenta-os em profundidade e t</span><span style="font-family: Arial, sans-serif;">elimina a caspa.</span></p>
<p class="western" align="justify"><span style="font-family: Arial, sans-serif;"> </span></p>
<p class="western" align="justify"><span style="font-family: Arial, sans-serif;"><i><u><b>VERTUS</b></u></i></span></p>
<p class="western" align="justify"><strong><span style="font-family: Arial, sans-serif;"><u>Utilizar o óleo de aloé vera para a pele :</u></span></strong></p>
<ul>
<li>
<p class="western" align="justify"><span style="font-family: Arial, sans-serif;">Nutritivo e suavizante, torna a pele mais bonita,</span><span style="font-family: Arial, sans-serif;"> mais flexível e a tez mais luminosa,</span></p>
</li>
<li>
<p class="western" align="justify"><span style="font-family: Arial, sans-serif;">Illuminateur, il permet de revitaliser les peaux sèches et ternes,</span></p>
</li>
<li>
<p class="western" align="justify"><span style="font-family: Arial, sans-serif;">Repulpante et anti âge. Elle</span><span style="font-family: Arial, sans-serif;"> favorise la régénération de la peau et p</span><span style="font-family: Arial, sans-serif;">révient de l&rsquo;apparition de rides, ridules et vergetures.</span></p>
</li>
<li>
<p class="western" align="justify"><span style="font-family: Arial, sans-serif;">Revitalisant et lissant, cette huile est un ingrédient de choix pour redonner de l&rsquo;élasticité à votre peau </span><span style="font-family: Arial, sans-serif;">et prévient les signes du vieillissement,</span></p>
</li>
<li>
<p class="western" align="justify"><span style="font-family: Arial, sans-serif;">Aide à </span><span style="font-family: Arial, sans-serif;">traiter les problèmes de peau tels que l’acné, le psoriasis, l’eczéma et les rougeurs. Sa nature apaisante la rend efficace pour traiter et soulager les douleurs provoquées par l’herpès et </span><span style="color: #000080;"><span lang="zxx"><a class="western" href="https://articles.mercola.com/shingles.aspx" target="_blank" rel="noopener"><span style="font-family: Arial, sans-serif;">l</span></a></span></span><span style="font-family: Arial, sans-serif;">e zona.</span></p>
</li>
<li>
<p class="western" align="justify"><span style="font-family: Arial, sans-serif;">Anti-oxydante, elle aide la peau à guérir rapidement des</span><span style="color: #000000;"><span style="font-family: Arial, sans-serif;"> queimaduras solares,</span></span></p>
</li>
<li>
<p class="western" align="justify"><span style="font-family: Arial, sans-serif;">Les personnes souffrant d’arthrose</span> <span style="font-family: Arial, sans-serif;">peuvent également être soulagées par l&rsquo;aloe vera. En application sur les articulations douloureuses, il peut aider à réduire l’inflammation.</span></p>
</li>
<li>
<p class="western" align="justify"><span style="font-family: Arial, sans-serif;">Calmante</span><span style="font-family: Arial, sans-serif;">. Peut être utilisée pour apaiser un coup de soleil ou le feu du rasoir,</span></p>
</li>
<li>
<p class="western" align="justify"><span style="font-family: Arial, sans-serif;">Stimule la production de collagène.</span></p>
</li>
</ul>
<p>&nbsp;</p>
<p class="western" align="justify"><strong><span style="font-family: Arial, sans-serif;"><u>Utilisation de l&rsquo;huile d&rsquo;aloe vera sur les cheveux :</u></span></strong></p>
<ul>
<li>
<p class="western" align="justify"><span style="font-family: Arial, sans-serif;">Suaviza e nutre profundamente o cabelo,</span></p>
</li>
<li>
<p class="western" align="justify"><span style="font-family: Arial, sans-serif;">Redonne vitalité aux cheveux secs et cassants,</span></p>
</li>
<li>
<p class="western" align="justify"><span style="font-family: Arial, sans-serif;">Les embellit : améliore leur brillance et leur souplesse,</span></p>
</li>
<li>
<p class="western" align="justify"><span style="font-family: Arial, sans-serif;">Trata a caspa.</span></p>
</li>
</ul>
<p><u><b>Ingredientes INCI :</b></u></p>
<p>Óleo de sementes de Helianthus annuus</p>
<p>Extrato de folha de Aloe barbadensis</p>
<p>&nbsp;</p>
<p><u><b>Capacidade :</b></u> 50ml</p>
<p><u><b>Origem :</b></u> Alemanha</p>
<p align="justify">

<p class="western" align="justify"><span style="font-family: Arial, sans-serif;">L&rsquo;huile d&rsquo;aloe vera BIO est un macérât huileux d&rsquo;une pulpe épaisse et transparente, le jus d’aloe vera extrait de feuille d&rsquo;aloès issu de l&rsquo;agriculture biologique, dans de l&rsquo;huile de tournesol vierge certifiée Biologique par COSMOS et KOSHER. </span></p>
<p class="western" align="justify"><span style="font-family: Arial, sans-serif;">Végan et sans OGM, elle est 100% pure et naturelle, et de qualité cosmétique et alimentaire. </span></p>
<p class="western" align="justify"><span style="font-family: Arial, sans-serif;">Très prisé pour ses propriétés nutritives, revitalisantes et lissantes, ce macérât est un ingrédient parfaitement adapté aux peaux sèches et abîmées. C’est l’occasion de retrouver sous une forme huileuse très douce et nourrissante cette plante aux vertus merveilleuses</span><span style="font-family: Arial, sans-serif;"> na pele e no cabelo.</span></p>
<p class="western" align="justify"><span style="font-family: Arial, sans-serif;">E</span><span style="font-family: Arial, sans-serif;">lle est également anti-inflammatoire, anti-bactérienne, anti-virale, anti-fongique,</span><span style="color: #000000;"><span style="font-family: Arial, sans-serif;"> antioxidante,</span></span><span style="font-family: Arial, sans-serif;"> e adstringente. </span></p>
