{"id":41522,"date":"2025-08-09T20:17:48","date_gmt":"2025-08-09T19:17:48","guid":{"rendered":"https:\/\/1001vertus.com\/?post_type=product&#038;p=41522"},"modified":"2026-03-17T10:56:56","modified_gmt":"2026-03-17T09:56:56","slug":"sabao-artesanal-de-cominho-preto","status":"publish","type":"product","link":"https:\/\/1001vertus.com\/pt\/produit\/savon-artisanal-a-la-nigelle\/","title":{"rendered":"Sab\u00e3o artesanal de cominho preto (aprox. 100 a 120g)"},"content":{"rendered":"","protected":false},"excerpt":{"rendered":"<p>D\u00e9couvrez notre savon surgras, saponifi\u00e9 \u00e0 froid \u00e0 l\u2019huile de nigelle et \u00e0 la poudre de nigelle.<\/p>","protected":false},"featured_media":41523,"template":"","meta":[],"product_brand":[],"product_cat":[55,26],"product_tag":[],"class_list":{"0":"post-41522","1":"product","2":"type-product","3":"status-publish","4":"has-post-thumbnail","6":"product_cat-savon","7":"product_cat-nigelle","9":"first","10":"outofstock","11":"shipping-taxable","12":"purchasable","13":"product-type-simple"},"_links":{"self":[{"href":"https:\/\/1001vertus.com\/pt\/wp-json\/wp\/v2\/product\/41522","targetHints":{"allow":["GET"]}}],"collection":[{"href":"https:\/\/1001vertus.com\/pt\/wp-json\/wp\/v2\/product"}],"about":[{"href":"https:\/\/1001vertus.com\/pt\/wp-json\/wp\/v2\/types\/product"}],"wp:featuredmedia":[{"embeddable":true,"href":"https:\/\/1001vertus.com\/pt\/wp-json\/wp\/v2\/media\/41523"}],"wp:attachment":[{"href":"https:\/\/1001vertus.com\/pt\/wp-json\/wp\/v2\/media?parent=41522"}],"wp:term":[{"taxonomy":"product_brand","embeddable":true,"href":"https:\/\/1001vertus.com\/pt\/wp-json\/wp\/v2\/product_brand?post=41522"},{"taxonomy":"product_cat","embeddable":true,"href":"https:\/\/1001vertus.com\/pt\/wp-json\/wp\/v2\/product_cat?post=41522"},{"taxonomy":"product_tag","embeddable":true,"href":"https:\/\/1001vertus.com\/pt\/wp-json\/wp\/v2\/product_tag?post=41522"}],"curies":[{"name":"wp","href":"https:\/\/api.w.org\/{rel}","templated":true}]}}

Sabão artesanal de cominho preto (aprox. 100 a 120g)

<p>Découvrez notre savon surgras, saponifié à froid à l’huile de nigelle et à la poudre de nigelle.</p>
