{"id":3820,"date":"2020-12-06T20:34:18","date_gmt":"2020-12-06T19:34:18","guid":{"rendered":"https:\/\/1001vertus.com\/?post_type=product&#038;p=3820"},"modified":"2026-02-24T21:37:57","modified_gmt":"2026-02-24T20:37:57","slug":"1001-vertus-pente-de-madeira-feito-a-mao","status":"publish","type":"product","link":"https:\/\/1001vertus.com\/pt\/produit\/peigne-artisanal-en-bois-1001-vertus\/","title":{"rendered":"Pente artesanal de madeira - 1001 Vertus"},"content":{"rendered":"<p>Confectionn\u00e9 de mani\u00e8re artisanale au Maroc, respectueux du bio \u00e9quilibre de notre cuir chevelu mais aussi de la sant\u00e9 de la plan\u00e8te, notre peigne artisanal en bois de h\u00eatre naturel a pour but de ne pas ab\u00eemer les cheveux.<\/p>\n<p>Mais, comme la plupart des peignes en bois, il a d&rsquo;autres vertus\u00a0:<\/p>\n<p>&#8211; Pr\u00e9serve la k\u00e9ratine (constituant fondamental de la fibre capillaire),<\/p>\n<p>&#8211; Stimule la circulation sanguine,<br \/>\n&#8211; Renforce le bulbe pileux,<br \/>\n&#8211; R\u00e9gule l&rsquo;exc\u00e8s de s\u00e9bum (mati\u00e8re naturelle protectrice du cheveu) et permet de mieux le r\u00e9partir sur la chevelure,<br \/>\n&#8211; Hypoallerg\u00e9nique,<br \/>\n&#8211; Antistatique,<br \/>\n&#8211; Et bien \u00e9videmment esth\u00e9tique.<\/p>\n<p>&nbsp;<\/p>\n<p>Notre peigne a \u00e9galement un impact sur l&rsquo;environnement. Le bois est renouvelable et biod\u00e9gradable. Toutefois, certaines essences de bois sont pr\u00e9cieuses et rares. Il est donc pr\u00e9f\u00e9rable de ne pas les utiliser (bois de rose, santal&#8230;).<\/p>\n<p>Ce peigne artisanal en bois est particuli\u00e8rement adapt\u00e9 aux cheveux secs et \u00e0 la barbe, m\u00eame fournie.<\/p>\n<p>&nbsp;<\/p>\n<p><strong><u>Modo de utiliza\u00e7\u00e3o :<\/u><\/strong><\/p>\n<p>&#8211; Brosser r\u00e9guli\u00e8rement de haut en bas pour que le cheveu respire et accentue l&rsquo;ondulation naturelle du cheveu.<\/p>\n<p>&#8211; Brosser les la t\u00eate en bas pour oxyg\u00e9ner vos bulbes, mais aussi donner plus de volume \u00e0 vos cheveux.<\/p>\n<p>&nbsp;<\/p>\n<p>&nbsp;<\/p>\n<p><strong><u>Taille\u00a0:<\/u><\/strong> 17 x 5 x 1cm<\/p>\n<p><strong><u>Origem :<\/u><\/strong> Marrocos<\/p>","protected":false},"excerpt":{"rendered":"<p>Confectionn\u00e9 de mani\u00e8re artisanale au Maroc, ce magnifique peigne en bois respectera le bio \u00e9quilibre de votre cuir chevelu et celui de notre plan\u00e8te.<\/p>\n<p>Les peignes en bois n&rsquo;abiment pas les cheveux et ont bien d&rsquo;autres vertus\u00a0: ils pr\u00e9servent la k\u00e9ratine, r\u00e9gule l&rsquo;exc\u00e8s de s\u00e9bum, renforce le bulbe pileux&#8230; Ils sont bien \u00e9videmment antistatiques mais aussi esth\u00e9tique.<\/p>","protected":false},"featured_media":3821,"template":"","meta":[],"product_brand":[],"product_cat":[27,56],"product_tag":[],"class_list":{"0":"post-3820","1":"product","2":"type-product","3":"status-publish","4":"has-post-thumbnail","6":"product_cat-bien-etre","7":"product_cat-barbe","9":"first","10":"instock","11":"shipping-taxable","12":"purchasable","13":"product-type-simple"},"_links":{"self":[{"href":"https:\/\/1001vertus.com\/pt\/wp-json\/wp\/v2\/product\/3820","targetHints":{"allow":["GET"]}}],"collection":[{"href":"https:\/\/1001vertus.com\/pt\/wp-json\/wp\/v2\/product"}],"about":[{"href":"https:\/\/1001vertus.com\/pt\/wp-json\/wp\/v2\/types\/product"}],"wp:featuredmedia":[{"embeddable":true,"href":"https:\/\/1001vertus.com\/pt\/wp-json\/wp\/v2\/media\/3821"}],"wp:attachment":[{"href":"https:\/\/1001vertus.com\/pt\/wp-json\/wp\/v2\/media?parent=3820"}],"wp:term":[{"taxonomy":"product_brand","embeddable":true,"href":"https:\/\/1001vertus.com\/pt\/wp-json\/wp\/v2\/product_brand?post=3820"},{"taxonomy":"product_cat","embeddable":true,"href":"https:\/\/1001vertus.com\/pt\/wp-json\/wp\/v2\/product_cat?post=3820"},{"taxonomy":"product_tag","embeddable":true,"href":"https:\/\/1001vertus.com\/pt\/wp-json\/wp\/v2\/product_tag?post=3820"}],"curies":[{"name":"wp","href":"https:\/\/api.w.org\/{rel}","templated":true}]}}

<p>Confectionné de manière artisanale au Maroc, respectueux du bio équilibre de notre cuir chevelu mais aussi de la santé de la planète, notre peigne artisanal en bois de hêtre naturel a pour but de ne pas abîmer les cheveux.</p>
<p>Mais, comme la plupart des peignes en bois, il a d&rsquo;autres vertus :</p>
<p>&#8211; Préserve la kératine (constituant fondamental de la fibre capillaire),</p>
<p>&#8211; Stimule la circulation sanguine,<br />
&#8211; Renforce le bulbe pileux,<br />
&#8211; Régule l&rsquo;excès de sébum (matière naturelle protectrice du cheveu) et permet de mieux le répartir sur la chevelure,<br />
&#8211; Hypoallergénique,<br />
&#8211; Antistatique,<br />
&#8211; Et bien évidemment esthétique.</p>
<p>&nbsp;</p>
<p>Notre peigne a également un impact sur l&rsquo;environnement. Le bois est renouvelable et biodégradable. Toutefois, certaines essences de bois sont précieuses et rares. Il est donc préférable de ne pas les utiliser (bois de rose, santal&#8230;).</p>
<p>Ce peigne artisanal en bois est particulièrement adapté aux cheveux secs et à la barbe, même fournie.</p>
<p>&nbsp;</p>
<p><strong><u>Modo de utilização :</u></strong></p>
<p>&#8211; Brosser régulièrement de haut en bas pour que le cheveu respire et accentue l&rsquo;ondulation naturelle du cheveu.</p>
<p>&#8211; Brosser les la tête en bas pour oxygéner vos bulbes, mais aussi donner plus de volume à vos cheveux.</p>
<p>&nbsp;</p>
<p>&nbsp;</p>
<p><strong><u>Taille :</u></strong> 17 x 5 x 1cm</p>
<p><strong><u>Origem :</u></strong> Marrocos</p>

<p>Confectionné de manière artisanale au Maroc, ce magnifique peigne en bois respectera le bio équilibre de votre cuir chevelu et celui de notre planète.</p>
<p>Les peignes en bois n&rsquo;abiment pas les cheveux et ont bien d&rsquo;autres vertus : ils préservent la kératine, régule l&rsquo;excès de sébum, renforce le bulbe pileux&#8230; Ils sont bien évidemment antistatiques mais aussi esthétique.</p>
