{"id":2198,"date":"2019-12-23T21:52:06","date_gmt":"2019-12-23T20:52:06","guid":{"rendered":"https:\/\/1001vertus.com\/?post_type=product&#038;p=2198"},"modified":"2024-03-23T10:26:23","modified_gmt":"2024-03-23T09:26:23","slug":"sabao-vegetal-extra-suave-com-leite-de-camelo","status":"publish","type":"product","link":"https:\/\/1001vertus.com\/pt\/produit\/savon-vegetal-extra-doux-au-lait-de-chamelle\/","title":{"rendered":"Sabonete vegetal EXTRA-MOISTAS com leite de camelo"},"content":{"rendered":"<p class=\"western\" align=\"justify\"><span style=\"font-family: Arial, sans-serif;\"><span style=\"font-size: medium;\">Tradicionalmente feito \u00e0 m\u00e3o em Fran\u00e7a, a base deste sab\u00e3o vegetal \u00e9 feita de acordo com a receita do sab\u00e3o <\/span><\/span><span style=\"font-family: Arial, sans-serif;\"><span style=\"font-size: medium;\">de Marselha, \u00e0 base de azeite e de \u00f3leo de coco.<\/span><\/span><\/p>\n<p class=\"western\" align=\"justify\"><span style=\"font-family: Arial, sans-serif;\"><span style=\"font-size: medium;\">Natural e sem qu\u00edmicos, \u00e9 enriquecido com 10% de leite de camelo que selecion\u00e1mos com o maior cuidado.<\/span><\/span><\/p>\n<p class=\"western\" align=\"justify\"><span style=\"font-family: Arial, sans-serif;\"><span style=\"font-size: medium;\">Este sabonete \u00e9 enriquecido com :<\/span><\/span><\/p>\n<ul>\n<li>\n<p class=\"western\" align=\"justify\"><span style=\"font-family: Arial, sans-serif;\"><span style=\"font-size: medium;\">\u00f3leo de cominho preto biol\u00f3gico,<\/span><\/span><\/p>\n<\/li>\n<\/ul>\n<p class=\"western\" align=\"justify\"><span style=\"font-family: Arial, sans-serif;\"><span style=\"font-size: medium;\">Bienfaisante pour la peau, notamment pour r\u00e9duire les probl\u00e8mes inflammatoires provoqu\u00e9s par le stress, la pollution, la maladie ou le vieillissement.<\/span><\/span><\/p>\n<ul>\n<li>\n<p class=\"western\" align=\"justify\"><span style=\"font-family: Arial, sans-serif;\"><span style=\"font-size: medium;\">e mel biol\u00f3gico<\/span><\/span><\/p>\n<\/li>\n<\/ul>\n<p class=\"western\" align=\"justify\"><span style=\"font-family: Arial, sans-serif;\"><span style=\"font-size: medium;\">Le miel hydrate la peau gr\u00e2ce \u00e0 sa forte teneur en sucre qui fixe les mol\u00e9cules d\u2019eau, il est anti-irritant.<\/span><\/span><\/p>\n<p class=\"western\" align=\"justify\"><span style=\"font-family: Arial, sans-serif;\"><span style=\"font-size: medium;\">O leite de camelo \u00e9 rico em minerais e vitaminas: C, A, B1, B2 e B12.<\/span><\/span><\/p>\n<p class=\"western\" align=\"justify\"><span style=\"font-family: Arial, sans-serif;\"><span style=\"font-size: medium;\">Cont\u00e9m :<\/span><\/span><\/p>\n<p class=\"western\" align=\"justify\"><span style=\"font-family: Arial, sans-serif;\"><span style=\"font-size: medium;\">&#8211; de la LANOLINE qui favorise l\u2019hydratation de la peau,<\/span><\/span><\/p>\n<p class=\"western\" align=\"justify\"><span style=\"font-family: Arial, sans-serif;\"><span style=\"font-size: medium;\">&#8211; de la VITAMINE C qui lui conf\u00e8re des vertus anti oxydantes,<\/span><\/span><\/p>\n<p class=\"western\" align=\"justify\"><span style=\"font-family: Arial, sans-serif;\"><span style=\"font-size: medium;\">&#8211; de la VITAMINE B lui donnant un effet protecteur contre les rayons UV,<\/span><\/span><\/p>\n<p class=\"western\" align=\"justify\"><span style=\"font-family: Arial, sans-serif;\"><span style=\"font-size: medium;\">&#8211; des ACIDES AMINES formant une barri\u00e8re antimicrobienne efficace,<\/span><\/span><\/p>\n<p class=\"western\" align=\"justify\"><span style=\"font-family: Arial, sans-serif;\"><span style=\"font-size: medium;\">&#8211; des PROPRI\u00c9T\u00c9S ANTI INFLAMMATOIRES pour soulager les effets de l\u2019 ECZ\u00c9MA.<\/span><\/span><\/p>\n<p class=\"western\" align=\"justify\"><span style=\"font-family: Arial, sans-serif;\"><span style=\"font-size: medium;\"><u><b>Sugest\u00e3o de utiliza\u00e7\u00e3o :<\/b><\/u><\/span><\/span><\/p>\n<p class=\"western\" align=\"justify\"><span style=\"font-family: Arial, sans-serif;\"><span style=\"font-size: medium;\">Na pele h\u00famida, fazer uma espuma moderada com o sabonete e deixar atuar durante alguns instantes antes de enxaguar.<\/span><\/span><\/p>\n<p class=\"western\" align=\"justify\"><span style=\"font-family: Arial, sans-serif;\"><span style=\"font-size: medium;\"><u><b>Ingredientes:<\/b><\/u><\/span><\/span><\/p>\n<p class=\"western\" align=\"justify\"><span style=\"font-family: Arial, sans-serif;\"><span style=\"font-size: medium;\">Olivato de s\u00f3dio<\/span><\/span><\/p>\n<p class=\"western\" align=\"justify\"><span style=\"font-family: Arial, sans-serif;\"><span style=\"font-size: medium;\">Cocoato de s\u00f3dio<\/span><\/span><\/p>\n<p class=\"western\" align=\"justify\"><span style=\"font-family: Arial, sans-serif;\"><span style=\"font-size: medium;\">\u00c1gua<\/span><\/span><\/p>\n<p class=\"western\" align=\"justify\"><span style=\"font-family: Arial, sans-serif;\"><span style=\"font-size: medium;\">Glicerina<\/span><\/span><\/p>\n<p class=\"western\" align=\"justify\"><span style=\"font-family: Arial, sans-serif;\"><span style=\"font-size: medium;\">Leite de camelo<\/span><\/span><\/p>\n<p class=\"western\" align=\"justify\"><span style=\"font-family: Arial, sans-serif;\"><span style=\"font-size: medium;\">Mel<\/span><\/span><\/p>\n<p class=\"western\" align=\"justify\"><span style=\"font-family: Arial, sans-serif;\"><span style=\"font-size: medium;\">\u00d3leo de frutos de Olea Europea<\/span><\/span><\/p>\n<p class=\"western\" align=\"justify\"><span style=\"font-family: Arial, sans-serif;\"><span style=\"font-size: medium;\">\u00d3leo de sementes de Nigella sativa<\/span><\/span><\/p>\n<p class=\"western\" align=\"justify\"><span style=\"font-family: Arial, sans-serif;\"><span style=\"font-size: medium;\">Cloreto de s\u00f3dio<\/span><\/span><\/p>\n<p class=\"western\" align=\"justify\"><span style=\"font-family: Arial, sans-serif;\"><span style=\"font-size: medium;\">Diacetato de glutamato tetrass\u00f3dico<\/span><\/span><\/p>\n<p class=\"western\" align=\"justify\"><span style=\"font-family: Arial, sans-serif;\"><span style=\"font-size: medium;\"><u><b>Origem :<\/b><\/u><\/span><\/span><span style=\"font-family: Arial, sans-serif;\"><span style=\"font-size: medium;\"> Fran\u00e7a<\/span><\/span><\/p>\n<p class=\"western\" align=\"justify\"><span style=\"font-family: Arial, sans-serif;\"><span style=\"font-size: medium;\"><u><b>Peso :<\/b><\/u><\/span><\/span><span style=\"font-family: Arial, sans-serif;\"><span style=\"font-size: medium;\"> 100g<\/span><\/span><\/p>","protected":false},"excerpt":{"rendered":"<p class=\"western\" align=\"justify\"><span style=\"font-family: Arial, sans-serif;\"><span style=\"font-size: medium;\">Aproveite os benef\u00edcios do leite de camelo neste sabonete vegetal <\/span><\/span><span style=\"font-family: Arial, sans-serif;\"><span style=\"font-size: medium;\"><b>extra-doux adapt\u00e9 aux peaux les plus sensibles<\/b><\/span><\/span><span style=\"font-family: Arial, sans-serif;\"><span style=\"font-size: medium;\">.<\/span><\/span><\/p>\n<p class=\"western\" align=\"justify\"><span style=\"font-family: Arial, sans-serif;\"><span style=\"font-size: medium;\">Enrichi \u00e0 l\u2019huile de nigelle BIO et au miel BIO d\u2019un canton proven\u00e7al et l\u00e9g\u00e8rement sur-gras, \u00e0 l\u2019huile d\u2019olive BIO, ce savon prendra soins des peaux des jeunes enfants jusqu\u2019\u00e0 celles des s\u00e9niors.<\/span><\/span><\/p>","protected":false},"featured_media":2191,"template":"","meta":[],"product_brand":[],"product_cat":[27,55,80],"product_tag":[],"class_list":{"0":"post-2198","1":"product","2":"type-product","3":"status-publish","4":"has-post-thumbnail","6":"product_cat-bien-etre","7":"product_cat-savon","8":"product_cat-savon-au-lait-de-chamelle","10":"first","11":"outofstock","12":"shipping-taxable","13":"purchasable","14":"product-type-simple"},"_links":{"self":[{"href":"https:\/\/1001vertus.com\/pt\/wp-json\/wp\/v2\/product\/2198","targetHints":{"allow":["GET"]}}],"collection":[{"href":"https:\/\/1001vertus.com\/pt\/wp-json\/wp\/v2\/product"}],"about":[{"href":"https:\/\/1001vertus.com\/pt\/wp-json\/wp\/v2\/types\/product"}],"wp:featuredmedia":[{"embeddable":true,"href":"https:\/\/1001vertus.com\/pt\/wp-json\/wp\/v2\/media\/2191"}],"wp:attachment":[{"href":"https:\/\/1001vertus.com\/pt\/wp-json\/wp\/v2\/media?parent=2198"}],"wp:term":[{"taxonomy":"product_brand","embeddable":true,"href":"https:\/\/1001vertus.com\/pt\/wp-json\/wp\/v2\/product_brand?post=2198"},{"taxonomy":"product_cat","embeddable":true,"href":"https:\/\/1001vertus.com\/pt\/wp-json\/wp\/v2\/product_cat?post=2198"},{"taxonomy":"product_tag","embeddable":true,"href":"https:\/\/1001vertus.com\/pt\/wp-json\/wp\/v2\/product_tag?post=2198"}],"curies":[{"name":"wp","href":"https:\/\/api.w.org\/{rel}","templated":true}]}}

<p class="western" align="justify"><span style="font-family: Arial, sans-serif;"><span style="font-size: medium;">Tradicionalmente feito à mão em França, a base deste sabão vegetal é feita de acordo com a receita do sabão </span></span><span style="font-family: Arial, sans-serif;"><span style="font-size: medium;">de Marselha, à base de azeite e de óleo de coco.</span></span></p>
<p class="western" align="justify"><span style="font-family: Arial, sans-serif;"><span style="font-size: medium;">Natural e sem químicos, é enriquecido com 10% de leite de camelo que selecionámos com o maior cuidado.</span></span></p>
<p class="western" align="justify"><span style="font-family: Arial, sans-serif;"><span style="font-size: medium;">Este sabonete é enriquecido com :</span></span></p>
<ul>
<li>
<p class="western" align="justify"><span style="font-family: Arial, sans-serif;"><span style="font-size: medium;">óleo de cominho preto biológico,</span></span></p>
</li>
</ul>
<p class="western" align="justify"><span style="font-family: Arial, sans-serif;"><span style="font-size: medium;">Bienfaisante pour la peau, notamment pour réduire les problèmes inflammatoires provoqués par le stress, la pollution, la maladie ou le vieillissement.</span></span></p>
<ul>
<li>
<p class="western" align="justify"><span style="font-family: Arial, sans-serif;"><span style="font-size: medium;">e mel biológico</span></span></p>
</li>
</ul>
<p class="western" align="justify"><span style="font-family: Arial, sans-serif;"><span style="font-size: medium;">Le miel hydrate la peau grâce à sa forte teneur en sucre qui fixe les molécules d’eau, il est anti-irritant.</span></span></p>
<p class="western" align="justify"><span style="font-family: Arial, sans-serif;"><span style="font-size: medium;">O leite de camelo é rico em minerais e vitaminas: C, A, B1, B2 e B12.</span></span></p>
<p class="western" align="justify"><span style="font-family: Arial, sans-serif;"><span style="font-size: medium;">Contém :</span></span></p>
<p class="western" align="justify"><span style="font-family: Arial, sans-serif;"><span style="font-size: medium;">&#8211; de la LANOLINE qui favorise l’hydratation de la peau,</span></span></p>
<p class="western" align="justify"><span style="font-family: Arial, sans-serif;"><span style="font-size: medium;">&#8211; de la VITAMINE C qui lui confère des vertus anti oxydantes,</span></span></p>
<p class="western" align="justify"><span style="font-family: Arial, sans-serif;"><span style="font-size: medium;">&#8211; de la VITAMINE B lui donnant un effet protecteur contre les rayons UV,</span></span></p>
<p class="western" align="justify"><span style="font-family: Arial, sans-serif;"><span style="font-size: medium;">&#8211; des ACIDES AMINES formant une barrière antimicrobienne efficace,</span></span></p>
<p class="western" align="justify"><span style="font-family: Arial, sans-serif;"><span style="font-size: medium;">&#8211; des PROPRIÉTÉS ANTI INFLAMMATOIRES pour soulager les effets de l’ ECZÉMA.</span></span></p>
<p class="western" align="justify"><span style="font-family: Arial, sans-serif;"><span style="font-size: medium;"><u><b>Sugestão de utilização :</b></u></span></span></p>
<p class="western" align="justify"><span style="font-family: Arial, sans-serif;"><span style="font-size: medium;">Na pele húmida, fazer uma espuma moderada com o sabonete e deixar atuar durante alguns instantes antes de enxaguar.</span></span></p>
<p class="western" align="justify"><span style="font-family: Arial, sans-serif;"><span style="font-size: medium;"><u><b>Ingredientes:</b></u></span></span></p>
<p class="western" align="justify"><span style="font-family: Arial, sans-serif;"><span style="font-size: medium;">Olivato de sódio</span></span></p>
<p class="western" align="justify"><span style="font-family: Arial, sans-serif;"><span style="font-size: medium;">Cocoato de sódio</span></span></p>
<p class="western" align="justify"><span style="font-family: Arial, sans-serif;"><span style="font-size: medium;">Água</span></span></p>
<p class="western" align="justify"><span style="font-family: Arial, sans-serif;"><span style="font-size: medium;">Glicerina</span></span></p>
<p class="western" align="justify"><span style="font-family: Arial, sans-serif;"><span style="font-size: medium;">Leite de camelo</span></span></p>
<p class="western" align="justify"><span style="font-family: Arial, sans-serif;"><span style="font-size: medium;">Mel</span></span></p>
<p class="western" align="justify"><span style="font-family: Arial, sans-serif;"><span style="font-size: medium;">Óleo de frutos de Olea Europea</span></span></p>
<p class="western" align="justify"><span style="font-family: Arial, sans-serif;"><span style="font-size: medium;">Óleo de sementes de Nigella sativa</span></span></p>
<p class="western" align="justify"><span style="font-family: Arial, sans-serif;"><span style="font-size: medium;">Cloreto de sódio</span></span></p>
<p class="western" align="justify"><span style="font-family: Arial, sans-serif;"><span style="font-size: medium;">Diacetato de glutamato tetrassódico</span></span></p>
<p class="western" align="justify"><span style="font-family: Arial, sans-serif;"><span style="font-size: medium;"><u><b>Origem :</b></u></span></span><span style="font-family: Arial, sans-serif;"><span style="font-size: medium;"> França</span></span></p>
<p class="western" align="justify"><span style="font-family: Arial, sans-serif;"><span style="font-size: medium;"><u><b>Peso :</b></u></span></span><span style="font-family: Arial, sans-serif;"><span style="font-size: medium;"> 100g</span></span></p>

<p class="western" align="justify"><span style="font-family: Arial, sans-serif;"><span style="font-size: medium;">Aproveite os benefícios do leite de camelo neste sabonete vegetal </span></span><span style="font-family: Arial, sans-serif;"><span style="font-size: medium;"><b>extra-doux adapté aux peaux les plus sensibles</b></span></span><span style="font-family: Arial, sans-serif;"><span style="font-size: medium;">.</span></span></p>
<p class="western" align="justify"><span style="font-family: Arial, sans-serif;"><span style="font-size: medium;">Enrichi à l’huile de nigelle BIO et au miel BIO d’un canton provençal et légèrement sur-gras, à l’huile d’olive BIO, ce savon prendra soins des peaux des jeunes enfants jusqu’à celles des séniors.</span></span></p>
