{"id":2203,"date":"2019-12-23T22:15:37","date_gmt":"2019-12-23T21:15:37","guid":{"rendered":"https:\/\/1001vertus.com\/?post_type=product&#038;p=2203"},"modified":"2023-11-12T17:47:37","modified_gmt":"2023-11-12T16:47:37","slug":"miele-invernale-per-vari-disturbi-invernali-1001-vertus-2","status":"publish","type":"product","link":"https:\/\/1001vertus.com\/it\/produit\/miel-dhiver-pour-les-divers-maux-de-lhiver-1001-vertus-2\/","title":{"rendered":"Miele per il raffreddore - Il modo mieloso per combattere il raffreddore e le sue piccole preoccupazioni"},"content":{"rendered":"<p class=\"western\" align=\"left\"><span style=\"font-family: Arial, sans-serif;\"><span style=\"font-size: medium;\">Miele freddo :<br \/>\n<\/span><\/span><\/p>\n<ul>\n<li>\n<p class=\"western\" align=\"left\"><span style=\"font-family: Arial, sans-serif;\"><span style=\"font-size: medium;\">est id\u00e9al contre les maux de gorge,<\/span><\/span><\/p>\n<\/li>\n<li>\n<p class=\"western\" align=\"left\"><span style=\"font-family: Arial, sans-serif;\"><span style=\"font-size: medium;\">lenisce la tosse,<\/span><\/span><\/p>\n<\/li>\n<li>\n<p class=\"western\" align=\"left\"><span style=\"font-family: Arial, sans-serif;\"><span style=\"font-size: medium;\">d\u00e9gage les voies respiratoires,<\/span><\/span><\/p>\n<\/li>\n<li>\n<p class=\"western\" align=\"left\"><span style=\"font-family: Arial, sans-serif;\"><span style=\"font-size: medium;\">lenisce il mal di gola,<\/span><\/span><\/p>\n<\/li>\n<li>\n<p class=\"western\" align=\"left\"><span style=\"font-family: Arial, sans-serif;\"><span style=\"font-size: medium;\">d\u00e9bouche le nez<\/span><\/span><\/p>\n<\/li>\n<li>\n<p class=\"western\" align=\"left\"><span style=\"font-family: Arial, sans-serif;\"><span style=\"font-size: medium;\">renforce les d\u00e9fenses immunitaires.<\/span><\/span><\/p>\n<\/li>\n<\/ul>\n<p>&nbsp;<\/p>\n<p class=\"western\" align=\"left\"><span style=\"font-family: Arial, sans-serif;\"><span style=\"font-size: medium;\"><u><b>Quand et comment le consommer\u00a0:<\/b><\/u><\/span><\/span><\/p>\n<p class=\"western\" align=\"left\"><span style=\"font-family: Arial, sans-serif;\"><span style=\"font-size: medium;\">Vous pouvez le prendre sous forme pr\u00e9ventive \u00e0 raison d\u2019une bonne cuill\u00e8re \u00e0 caf\u00e9 le matin, si possible \u00e0 jeun.<\/span><\/span><\/p>\n<p class=\"western\" align=\"left\"><span style=\"font-family: Arial, sans-serif;\"><span style=\"font-size: medium;\">Vous pouvez \u00e9galement le consommer \u00e0 n\u2019importe quel moment de la journ\u00e9e ou de la nuit, lorsque le besoin s\u2019en fait sentir (mal de gorge, quinte de toux\u2026).<\/span><\/span><\/p>\n<p class=\"western\" align=\"left\"><span style=\"font-family: Arial, sans-serif;\"><span style=\"font-size: medium;\">En raison des diff\u00e9rentes textures des ingr\u00e9dients, il se peut que certains ingr\u00e9dients, notamment la poudre de nigelle, remonte naturellement \u00e0 la surface. Il faut donc bien m\u00e9langer afin d\u2019obtenir une texture homog\u00e8ne avant de consommer cette pr\u00e9paration.<\/span><\/span><\/p>\n<p class=\"western\"><span style=\"font-family: Arial, sans-serif;\"><span style=\"font-size: medium;\"><u>Ingredienti:<\/u><\/span><\/span><\/p>\n<p class=\"western\"><span style=\"font-family: Arial, sans-serif;\"><span style=\"font-size: medium;\">Miele di timo<\/span><\/span><\/p>\n<p class=\"western\"><span style=\"font-family: Arial, sans-serif;\"><span style=\"font-size: medium;\">Semi di cumino nero in polvere<\/span><\/span><\/p>\n<p class=\"western\"><span style=\"font-family: Arial, sans-serif;\"><span style=\"font-size: medium;\">Propoli<\/span><\/span><\/p>\n<p class=\"western\"><span style=\"font-family: Arial, sans-serif;\"><span style=\"font-size: medium;\">Ac\u00e9rola<\/span><\/span><\/p>\n<p class=\"western\"><span style=\"font-family: Arial, sans-serif;\"><span style=\"font-size: medium;\">Huile essentielle de menthe poivr\u00e9e<\/span><\/span><\/p>\n<p>&nbsp;<\/p>\n<p class=\"western\"><span style=\"color: #00000a;\"><span style=\"font-family: Arial, sans-serif;\"><span style=\"font-size: medium;\"><u>Controindicazioni:<\/u><\/span><\/span><\/span><span style=\"color: #00000a;\"><span style=\"font-family: Arial, sans-serif;\"><span style=\"font-size: medium;\"> Non adatto a donne in gravidanza o in fase di allattamento e a bambini di et\u00e0 inferiore ai 6 anni.<\/span><\/span><\/span><\/p>\n<p class=\"western\"><span style=\"color: #00000a;\"><span style=\"font-family: Arial, sans-serif;\"><span style=\"font-size: medium;\"><u>Capacit\u00e0 :<\/u><\/span><\/span><\/span><span style=\"color: #00000a;\"><span style=\"font-family: Arial, sans-serif;\"><span style=\"font-size: medium;\"> 250g<br \/>\n<\/span><\/span><\/span><\/p>\n<p class=\"western\"><span style=\"color: #00000a;\"><span style=\"font-family: Arial, sans-serif;\"><span style=\"font-size: medium;\"><u>Origine :<\/u><\/span><\/span><\/span><span style=\"font-family: Arial, sans-serif;\"><span style=\"font-size: medium;\"> Francia.<\/span><\/span><\/p>\n<p class=\"western\" align=\"left\"><span style=\"font-family: Arial, sans-serif;\"><span style=\"font-size: medium;\">Le Cold honey est conditionn\u00e9 dans un pot en verre \u00e0 ouverture large afin de pouvoir m\u00e9langer facilement son contenu<\/span><\/span><\/p>\n<p align=\"left\"><strong><u><b>Si prega di notare:<\/b><\/u><\/strong> Ricordiamo che \u00e8 vietato somministrare miele ai neonati. Per saperne di pi\u00f9, leggete <a href=\"https:\/\/1001vertus.com\/it\/miele-vietato-ai-bambini\/\">questo articolo<\/a>.<\/p>","protected":false},"excerpt":{"rendered":"<p class=\"western\" align=\"left\"><span style=\"font-family: Arial, sans-serif;\"><span style=\"font-size: medium;\">Maux de gorge, toux, probl\u00e8me respiratoire ou encore nez bouch\u00e9\u2026 Ce sont les tracas incontournables de l\u2019hiver. Pour palier \u00e0 cela, nous vous proposons le \u00ab\u00a0cold honey\u00a0\u00bb.<\/span><\/span><\/p>\n<p class=\"western\" align=\"left\"><span style=\"font-family: Arial, sans-serif;\"><span style=\"font-size: medium;\">Cette pr\u00e9paration 100 % naturelle \u00e0 base de miel renforcera non seulement vos d\u00e9fenses immunitaires mais elle permettra de combattre tout ces petits d\u00e9sagr\u00e9ments de l\u2019hiver.<\/span><\/span><\/p>\n<p class=\"western\" align=\"left\"><span style=\"font-family: Arial, sans-serif;\"><span style=\"font-size: medium;\">Vous l\u2019aurez compris, le \u00ab\u00a0cold honey\u00a0\u00bb\u00a0 est le \u00ab\u00a0mielleur\u00a0\u00bb moyen de lutter contre le froid et ses petits tracas.<br \/>\n<\/span><\/span><\/p>","protected":false},"featured_media":2328,"template":"","meta":[],"product_brand":[],"product_cat":[108],"product_tag":[],"class_list":{"0":"post-2203","1":"product","2":"type-product","3":"status-publish","4":"has-post-thumbnail","6":"product_cat-rupture-de-stock","8":"first","9":"outofstock","10":"shipping-taxable","11":"purchasable","12":"product-type-simple"},"_links":{"self":[{"href":"https:\/\/1001vertus.com\/it\/wp-json\/wp\/v2\/product\/2203","targetHints":{"allow":["GET"]}}],"collection":[{"href":"https:\/\/1001vertus.com\/it\/wp-json\/wp\/v2\/product"}],"about":[{"href":"https:\/\/1001vertus.com\/it\/wp-json\/wp\/v2\/types\/product"}],"wp:featuredmedia":[{"embeddable":true,"href":"https:\/\/1001vertus.com\/it\/wp-json\/wp\/v2\/media\/2328"}],"wp:attachment":[{"href":"https:\/\/1001vertus.com\/it\/wp-json\/wp\/v2\/media?parent=2203"}],"wp:term":[{"taxonomy":"product_brand","embeddable":true,"href":"https:\/\/1001vertus.com\/it\/wp-json\/wp\/v2\/product_brand?post=2203"},{"taxonomy":"product_cat","embeddable":true,"href":"https:\/\/1001vertus.com\/it\/wp-json\/wp\/v2\/product_cat?post=2203"},{"taxonomy":"product_tag","embeddable":true,"href":"https:\/\/1001vertus.com\/it\/wp-json\/wp\/v2\/product_tag?post=2203"}],"curies":[{"name":"wp","href":"https:\/\/api.w.org\/{rel}","templated":true}]}}

<p class="western" align="left"><span style="font-family: Arial, sans-serif;"><span style="font-size: medium;">Miele freddo :<br />
</span></span></p>
<ul>
<li>
<p class="western" align="left"><span style="font-family: Arial, sans-serif;"><span style="font-size: medium;">est idéal contre les maux de gorge,</span></span></p>
</li>
<li>
<p class="western" align="left"><span style="font-family: Arial, sans-serif;"><span style="font-size: medium;">lenisce la tosse,</span></span></p>
</li>
<li>
<p class="western" align="left"><span style="font-family: Arial, sans-serif;"><span style="font-size: medium;">dégage les voies respiratoires,</span></span></p>
</li>
<li>
<p class="western" align="left"><span style="font-family: Arial, sans-serif;"><span style="font-size: medium;">lenisce il mal di gola,</span></span></p>
</li>
<li>
<p class="western" align="left"><span style="font-family: Arial, sans-serif;"><span style="font-size: medium;">débouche le nez</span></span></p>
</li>
<li>
<p class="western" align="left"><span style="font-family: Arial, sans-serif;"><span style="font-size: medium;">renforce les défenses immunitaires.</span></span></p>
</li>
</ul>
<p>&nbsp;</p>
<p class="western" align="left"><span style="font-family: Arial, sans-serif;"><span style="font-size: medium;"><u><b>Quand et comment le consommer :</b></u></span></span></p>
<p class="western" align="left"><span style="font-family: Arial, sans-serif;"><span style="font-size: medium;">Vous pouvez le prendre sous forme préventive à raison d’une bonne cuillère à café le matin, si possible à jeun.</span></span></p>
<p class="western" align="left"><span style="font-family: Arial, sans-serif;"><span style="font-size: medium;">Vous pouvez également le consommer à n’importe quel moment de la journée ou de la nuit, lorsque le besoin s’en fait sentir (mal de gorge, quinte de toux…).</span></span></p>
<p class="western" align="left"><span style="font-family: Arial, sans-serif;"><span style="font-size: medium;">En raison des différentes textures des ingrédients, il se peut que certains ingrédients, notamment la poudre de nigelle, remonte naturellement à la surface. Il faut donc bien mélanger afin d’obtenir une texture homogène avant de consommer cette préparation.</span></span></p>
<p class="western"><span style="font-family: Arial, sans-serif;"><span style="font-size: medium;"><u>Ingredienti:</u></span></span></p>
<p class="western"><span style="font-family: Arial, sans-serif;"><span style="font-size: medium;">Miele di timo</span></span></p>
<p class="western"><span style="font-family: Arial, sans-serif;"><span style="font-size: medium;">Semi di cumino nero in polvere</span></span></p>
<p class="western"><span style="font-family: Arial, sans-serif;"><span style="font-size: medium;">Propoli</span></span></p>
<p class="western"><span style="font-family: Arial, sans-serif;"><span style="font-size: medium;">Acérola</span></span></p>
<p class="western"><span style="font-family: Arial, sans-serif;"><span style="font-size: medium;">Huile essentielle de menthe poivrée</span></span></p>
<p>&nbsp;</p>
<p class="western"><span style="color: #00000a;"><span style="font-family: Arial, sans-serif;"><span style="font-size: medium;"><u>Controindicazioni:</u></span></span></span><span style="color: #00000a;"><span style="font-family: Arial, sans-serif;"><span style="font-size: medium;"> Non adatto a donne in gravidanza o in fase di allattamento e a bambini di età inferiore ai 6 anni.</span></span></span></p>
<p class="western"><span style="color: #00000a;"><span style="font-family: Arial, sans-serif;"><span style="font-size: medium;"><u>Capacità :</u></span></span></span><span style="color: #00000a;"><span style="font-family: Arial, sans-serif;"><span style="font-size: medium;"> 250g<br />
</span></span></span></p>
<p class="western"><span style="color: #00000a;"><span style="font-family: Arial, sans-serif;"><span style="font-size: medium;"><u>Origine :</u></span></span></span><span style="font-family: Arial, sans-serif;"><span style="font-size: medium;"> Francia.</span></span></p>
<p class="western" align="left"><span style="font-family: Arial, sans-serif;"><span style="font-size: medium;">Le Cold honey est conditionné dans un pot en verre à ouverture large afin de pouvoir mélanger facilement son contenu</span></span></p>
<p align="left"><strong><u><b>Si prega di notare:</b></u></strong> Ricordiamo che è vietato somministrare miele ai neonati. Per saperne di più, leggete <a href="https://1001vertus.com/it/miele-vietato-ai-bambini/">questo articolo</a>.</p>

<p class="western" align="left"><span style="font-family: Arial, sans-serif;"><span style="font-size: medium;">Maux de gorge, toux, problème respiratoire ou encore nez bouché… Ce sont les tracas incontournables de l’hiver. Pour palier à cela, nous vous proposons le « cold honey ».</span></span></p>
<p class="western" align="left"><span style="font-family: Arial, sans-serif;"><span style="font-size: medium;">Cette préparation 100 % naturelle à base de miel renforcera non seulement vos défenses immunitaires mais elle permettra de combattre tout ces petits désagréments de l’hiver.</span></span></p>
<p class="western" align="left"><span style="font-family: Arial, sans-serif;"><span style="font-size: medium;">Vous l’aurez compris, le « cold honey »  est le « mielleur » moyen de lutter contre le froid et ses petits tracas.<br />
</span></span></p>
