{"id":820,"date":"2018-09-02T15:59:54","date_gmt":"2018-09-02T14:59:54","guid":{"rendered":"https:\/\/1001vertus.com\/?post_type=product&#038;p=820"},"modified":"2023-03-15T22:42:58","modified_gmt":"2023-03-15T21:42:58","slug":"gel-de-daloe-vera-ecologico","status":"publish","type":"product","link":"https:\/\/1001vertus.com\/es\/produit\/gel-daloe-vera-bio\/","title":{"rendered":"Gel de aloe vera ecol\u00f3gico"},"content":{"rendered":"<p class=\"western\" align=\"justify\"><span style=\"font-family: Arial, sans-serif;\">Le gel d&rsquo;aloe vera provient de l&rsquo;aloe vera, une plante grasse qui poss\u00e8de des feuilles piquantes et coriace que l&rsquo;on d\u00e9coupe de mani\u00e8re bien sp\u00e9cifique pour en r\u00e9cup\u00e9rer la pulpe transparente appel\u00e9e gel ou jus d&rsquo;aloe vera.<\/span><\/p>\n<p class=\"western\" align=\"justify\"><span style=\"font-family: Arial, sans-serif;\">Riche en vitamines, oligo-\u00e9l\u00e9ments, enzymes et acides amin\u00e9s, le gel d&rsquo;aloe vera poss\u00e8de des vertus extraordinaires sur la peau.<\/span><\/p>\n<p class=\"western\" align=\"justify\"><span style=\"font-family: Arial, sans-serif;\">Cette plante figurait d\u00e9j\u00e0 dans les plus anciens trait\u00e9s de m\u00e9decine pour ses nombreuses propri\u00e9t\u00e9s m\u00e9dicales et cosm\u00e9tiques. D&rsquo;apr\u00e8s les historiens, Aristote persuada Alexandre Le Grand de conqu\u00e9rir l&rsquo;\u00eele de Socotra en Afrique dans le but d&rsquo;y recueillir des quantit\u00e9s suffisantes d&rsquo;aloe vera comme agent cicatrisant pour ses soldats.<br \/>\nOn raconte m\u00eame que Cl\u00e9op\u00e2tre utilisait en secret le jus d&rsquo;aloe vera dans son bain de beaut\u00e9&#8230;<\/span><\/p>\n<h3 class=\"western\" align=\"justify\"><span style=\"font-family: Arial, sans-serif;\"><u><b>VIRTUDES DEL GEL DE ALOE VERA :<br \/>\n<\/b><\/u><\/span><\/h3>\n<ul>\n<li>\n<p class=\"western\" align=\"justify\"><span style=\"font-family: Arial, sans-serif;\">Excelente hidratante, ayuda a compensar la p\u00e9rdida de agua de la piel.<\/span><\/p>\n<\/li>\n<li>\n<p class=\"western\" align=\"justify\"><span style=\"font-family: Arial, sans-serif;\">Nutritif, il apporte \u00e0 la peau les vitamines et oligo-\u00e9l\u00e9ments essentiels \u00e0 sa beaut\u00e9.<\/span><\/p>\n<\/li>\n<li>\n<p class=\"western\" align=\"justify\"><span style=\"font-family: Arial, sans-serif;\">R\u00e9parateur cutan\u00e9, il stimule la r\u00e9paration de la peau et prend soin des peaux sujettes \u00e0 rougeurs.<\/span><\/p>\n<\/li>\n<li>\n<p class=\"western\" align=\"justify\"><span style=\"font-family: Arial, sans-serif;\">Bien que tr\u00e8s p\u00e9n\u00e9trant il cr\u00e9e \u00e0 la surface de la peau un film protecteur contre vent, sel, soleil ou particules sales<\/span><\/p>\n<\/li>\n<li>\n<p class=\"western\" align=\"justify\"><span style=\"font-family: Arial, sans-serif;\">Apaisant, il soulage les peaux sujettes \u00e0 irritations et d\u00e9mangeaisons.<\/span><\/p>\n<\/li>\n<li>\n<p class=\"western\" align=\"justify\"><span style=\"font-family: Arial, sans-serif;\">Ses effets tenseurs et r\u00e9g\u00e9n\u00e9rants font de ce gel un produit cosm\u00e9tique anti-\u00e2ge tr\u00e8s int\u00e9ressant. <\/span><\/p>\n<\/li>\n<li>\n<p class=\"western\" align=\"justify\"><span style=\"font-family: Arial, sans-serif;\">Il est r\u00e9put\u00e9 pour att\u00e9nuer les taches brunes et retarder leur apparition sur les mains et le visage.<\/span><\/p>\n<\/li>\n<\/ul>\n<p>&nbsp;<\/p>\n<h4 class=\"western\" align=\"justify\"><span style=\"font-family: Arial, sans-serif;\"><u><b>Modo de empleo :<\/b><\/u><\/span><\/h4>\n<p class=\"western\" align=\"justify\"><span style=\"font-family: Arial, sans-serif;\">Appliquer sur le corps comme une cr\u00e8me hydratante, ou utiliser sur des taches extra-s\u00e8ches ou des taches extra-rugueuses.<\/span><\/p>\n<p class=\"western\" align=\"justify\"><span style=\"font-family: Arial, sans-serif;\">L&rsquo;application du gel d&rsquo;aloe vera entra\u00eene sur les peaux fines des sensations de \u00ab\u00a0tiraillements\u00a0\u00bb qui s&rsquo;estompent au bout de quelques minutes.<\/span><\/p>\n<p><u><b>Ingredientes INCI :<\/b><\/u><\/p>\n<p>Agua<\/p>\n<p>Extrait de feuilles d\u2019aloe vera BIO<\/p>\n<p>Glyc\u00e9rine<\/p>\n<p>Polisorbato 20<\/p>\n<p>Carb\u00f3mero<\/p>\n<p>Ph\u00e9noxy\u00e9thanol<\/p>\n<p>Ethylexyglyc\u00e9rine<\/p>\n<p>Hidr\u00f3xido de sodio<\/p>\n<p>Alcohol benc\u00edlico<\/p>\n<p>&nbsp;<\/p>\n<p><u><b>Origen :<\/b><\/u> REINO UNIDO<\/p>\n<p>&nbsp;<\/p>\n<p><u><b>Peso neto :<\/b><\/u> 100g<\/p>\n<p class=\"western\" align=\"justify\"><strong><span style=\"font-family: Arial, sans-serif;\">\u00a0<\/span><\/strong><\/p>","protected":false},"excerpt":{"rendered":"<p class=\"western\" align=\"justify\">C<span style=\"font-family: Arial, sans-serif;\">e gel cosm\u00e9tique \u00e0 l&rsquo;extrait de feuilles d&rsquo;aloe vera BIO est un excellent film protecteur contre le vent, le sel, le soleil. Gr\u00e2ce \u00e0 ses <span lang=\"fr-FR\">propri\u00e9t\u00e9s curatives, nutritives <\/span><span lang=\"fr-FR\">y<\/span><span lang=\"fr-FR\"> r\u00e9g\u00e9n\u00e9ratives, <\/span><span lang=\"fr-FR\">it <\/span>se r\u00e9v\u00e8le tr\u00e8s efficace contre les probl\u00e8mes cutan\u00e9s tels que l\u2019ecz\u00e9ma, l\u2019acn\u00e9, le psoriasis, l\u2019herp\u00e8s, les coups de soleil, les br\u00fblures, plaies, engelures et les crevasses<strong><span lang=\"fr-FR\">.<\/span><\/strong><\/span><\/p>\n<p class=\"western\" align=\"justify\"><span style=\"font-family: Arial, sans-serif;\">Notre formule simple et tr\u00e8s riche en aloe vera vous permet de b\u00e9n\u00e9ficier des effets hydratants, r\u00e9parateurs, apaisants de l&rsquo;aloe vera, tout en conservant l&rsquo;effet tenseur recherch\u00e9 par nombre d&rsquo;entre vous. <\/span><\/p>\n<p class=\"western\" align=\"justify\"><span style=\"font-family: Arial, sans-serif;\">V\u00e9gan et sans parab\u00e8ne, ce gel cosm\u00e9tique convient \u00e0 tous types de peaux. Il s&rsquo;utilise pur et peut remplacer la cr\u00e8me habituelle.<\/span><\/p>","protected":false},"featured_media":844,"template":"","meta":[],"product_brand":[],"product_cat":[27],"product_tag":[],"class_list":{"0":"post-820","1":"product","2":"type-product","3":"status-publish","4":"has-post-thumbnail","6":"product_cat-bien-etre","8":"first","9":"instock","10":"shipping-taxable","11":"purchasable","12":"product-type-simple"},"_links":{"self":[{"href":"https:\/\/1001vertus.com\/es\/wp-json\/wp\/v2\/product\/820","targetHints":{"allow":["GET"]}}],"collection":[{"href":"https:\/\/1001vertus.com\/es\/wp-json\/wp\/v2\/product"}],"about":[{"href":"https:\/\/1001vertus.com\/es\/wp-json\/wp\/v2\/types\/product"}],"wp:featuredmedia":[{"embeddable":true,"href":"https:\/\/1001vertus.com\/es\/wp-json\/wp\/v2\/media\/844"}],"wp:attachment":[{"href":"https:\/\/1001vertus.com\/es\/wp-json\/wp\/v2\/media?parent=820"}],"wp:term":[{"taxonomy":"product_brand","embeddable":true,"href":"https:\/\/1001vertus.com\/es\/wp-json\/wp\/v2\/product_brand?post=820"},{"taxonomy":"product_cat","embeddable":true,"href":"https:\/\/1001vertus.com\/es\/wp-json\/wp\/v2\/product_cat?post=820"},{"taxonomy":"product_tag","embeddable":true,"href":"https:\/\/1001vertus.com\/es\/wp-json\/wp\/v2\/product_tag?post=820"}],"curies":[{"name":"wp","href":"https:\/\/api.w.org\/{rel}","templated":true}]}}

Gel de aloe vera ecológico

<p class="western" align="justify"><span style="font-family: Arial, sans-serif;">Le gel d&rsquo;aloe vera provient de l&rsquo;aloe vera, une plante grasse qui possède des feuilles piquantes et coriace que l&rsquo;on découpe de manière bien spécifique pour en récupérer la pulpe transparente appelée gel ou jus d&rsquo;aloe vera.</span></p>
<p class="western" align="justify"><span style="font-family: Arial, sans-serif;">Riche en vitamines, oligo-éléments, enzymes et acides aminés, le gel d&rsquo;aloe vera possède des vertus extraordinaires sur la peau.</span></p>
<p class="western" align="justify"><span style="font-family: Arial, sans-serif;">Cette plante figurait déjà dans les plus anciens traités de médecine pour ses nombreuses propriétés médicales et cosmétiques. D&rsquo;après les historiens, Aristote persuada Alexandre Le Grand de conquérir l&rsquo;île de Socotra en Afrique dans le but d&rsquo;y recueillir des quantités suffisantes d&rsquo;aloe vera comme agent cicatrisant pour ses soldats.<br />
On raconte même que Cléopâtre utilisait en secret le jus d&rsquo;aloe vera dans son bain de beauté&#8230;</span></p>
<h3 class="western" align="justify"><span style="font-family: Arial, sans-serif;"><u><b>VIRTUDES DEL GEL DE ALOE VERA :<br />
</b></u></span></h3>
<ul>
<li>
<p class="western" align="justify"><span style="font-family: Arial, sans-serif;">Excelente hidratante, ayuda a compensar la pérdida de agua de la piel.</span></p>
</li>
<li>
<p class="western" align="justify"><span style="font-family: Arial, sans-serif;">Nutritif, il apporte à la peau les vitamines et oligo-éléments essentiels à sa beauté.</span></p>
</li>
<li>
<p class="western" align="justify"><span style="font-family: Arial, sans-serif;">Réparateur cutané, il stimule la réparation de la peau et prend soin des peaux sujettes à rougeurs.</span></p>
</li>
<li>
<p class="western" align="justify"><span style="font-family: Arial, sans-serif;">Bien que très pénétrant il crée à la surface de la peau un film protecteur contre vent, sel, soleil ou particules sales</span></p>
</li>
<li>
<p class="western" align="justify"><span style="font-family: Arial, sans-serif;">Apaisant, il soulage les peaux sujettes à irritations et démangeaisons.</span></p>
</li>
<li>
<p class="western" align="justify"><span style="font-family: Arial, sans-serif;">Ses effets tenseurs et régénérants font de ce gel un produit cosmétique anti-âge très intéressant. </span></p>
</li>
<li>
<p class="western" align="justify"><span style="font-family: Arial, sans-serif;">Il est réputé pour atténuer les taches brunes et retarder leur apparition sur les mains et le visage.</span></p>
</li>
</ul>
<p>&nbsp;</p>
<h4 class="western" align="justify"><span style="font-family: Arial, sans-serif;"><u><b>Modo de empleo :</b></u></span></h4>
<p class="western" align="justify"><span style="font-family: Arial, sans-serif;">Appliquer sur le corps comme une crème hydratante, ou utiliser sur des taches extra-sèches ou des taches extra-rugueuses.</span></p>
<p class="western" align="justify"><span style="font-family: Arial, sans-serif;">L&rsquo;application du gel d&rsquo;aloe vera entraîne sur les peaux fines des sensations de « tiraillements » qui s&rsquo;estompent au bout de quelques minutes.</span></p>
<p><u><b>Ingredientes INCI :</b></u></p>
<p>Agua</p>
<p>Extrait de feuilles d’aloe vera BIO</p>
<p>Glycérine</p>
<p>Polisorbato 20</p>
<p>Carbómero</p>
<p>Phénoxyéthanol</p>
<p>Ethylexyglycérine</p>
<p>Hidróxido de sodio</p>
<p>Alcohol bencílico</p>
<p>&nbsp;</p>
<p><u><b>Origen :</b></u> REINO UNIDO</p>
<p>&nbsp;</p>
<p><u><b>Peso neto :</b></u> 100g</p>
<p class="western" align="justify"><strong><span style="font-family: Arial, sans-serif;"> </span></strong></p>

<p class="western" align="justify">C<span style="font-family: Arial, sans-serif;">e gel cosmétique à l&rsquo;extrait de feuilles d&rsquo;aloe vera BIO est un excellent film protecteur contre le vent, le sel, le soleil. Grâce à ses <span lang="fr-FR">propriétés curatives, nutritives </span><span lang="fr-FR">y</span><span lang="fr-FR"> régénératives, </span><span lang="fr-FR">it </span>se révèle très efficace contre les problèmes cutanés tels que l’eczéma, l’acné, le psoriasis, l’herpès, les coups de soleil, les brûlures, plaies, engelures et les crevasses<strong><span lang="fr-FR">.</span></strong></span></p>
<p class="western" align="justify"><span style="font-family: Arial, sans-serif;">Notre formule simple et très riche en aloe vera vous permet de bénéficier des effets hydratants, réparateurs, apaisants de l&rsquo;aloe vera, tout en conservant l&rsquo;effet tenseur recherché par nombre d&rsquo;entre vous. </span></p>
<p class="western" align="justify"><span style="font-family: Arial, sans-serif;">Végan et sans parabène, ce gel cosmétique convient à tous types de peaux. Il s&rsquo;utilise pur et peut remplacer la crème habituelle.</span></p>
