{"id":728,"date":"2018-08-19T14:50:37","date_gmt":"2018-08-19T13:50:37","guid":{"rendered":"https:\/\/1001vertus.com\/?post_type=product&#038;p=728"},"modified":"2023-09-13T18:20:47","modified_gmt":"2023-09-13T17:20:47","slug":"gelulas-vegetales-ecologicas-de-abisinia-con-semillas-molidas-de-comino-negro-de-etiopia","status":"publish","type":"product","link":"https:\/\/1001vertus.com\/es\/produit\/gelules-vegetales-bio-abyssinia-a-la-graine-de-nigelle-moulue-dethiopie\/","title":{"rendered":"C\u00e1psulas vegetales Abyssinia con semillas molidas de comino negro de Etiop\u00eda"},"content":{"rendered":"<p align=\"justify\"><span style=\"font-family: Arial, sans-serif;\"><span style=\"font-size: medium;\">Por ello, nos enorgullece presentarle estas c\u00e1psulas con polvo de comino negro, un producto natural excepcional sin aditivos, un aut\u00e9ntico concentrado de bienestar eficaz y f\u00e1cil de usar. <\/span><\/span><\/p>\n<p align=\"justify\"><span style=\"font-family: Arial, sans-serif;\"><span style=\"font-size: medium;\">Como suplemento diet\u00e9tico, el comino negro, adem\u00e1s de sus numerosas propiedades digestivas, estimulantes y antioxidantes, est\u00e1 indicado para reforzar el sistema inmunitario y prevenir infecciones y alergias.<\/span><\/span><\/p>\n<p align=\"justify\"><span style=\"font-family: Arial, sans-serif;\"><span style=\"font-size: medium;\"><u><b>Consejos de utilizaci\u00f3n:<\/b><\/u><\/span><\/span><\/p>\n<p align=\"justify\"><span style=\"font-family: Arial, sans-serif;\"><span style=\"font-size: medium;\">Tomar 1 \u00f3 2 c\u00e1psulas por la ma\u00f1ana y por la noche, es decir, un m\u00e1ximo de 4 c\u00e1psulas de comino negro en polvo al d\u00eda, durante 1 \u00f3 2 meses. <\/span><\/span><\/p>\n<h4 class=\"western\" align=\"justify\"><span style=\"font-family: Arial, sans-serif;\"><span style=\"font-size: medium;\"><u><br \/>\nPrecauciones de uso :<\/u><\/span><\/span><\/h4>\n<p align=\"justify\"><span style=\"font-family: Arial, sans-serif;\"><span style=\"font-size: medium;\">- Conservar en lugar fresco, seco y protegido de la luz.<\/span><\/span><\/p>\n<p align=\"justify\"><span style=\"font-family: Arial, sans-serif;\"><span style=\"font-size: medium;\">- No recomendado para mujeres embarazadas o en periodo de lactancia.<\/span><\/span><\/p>\n<p align=\"justify\"><span style=\"font-family: Arial, sans-serif;\"><span style=\"font-size: medium;\">- El tama\u00f1o de la c\u00e1psula no est\u00e1 recomendado para ni\u00f1os menores de 12 a\u00f1os. En este caso, tome media cucharadita de aceite al d\u00eda mezclada con zumo de frutas, miel, leche o yogur.<\/span><\/span><\/p>\n<p align=\"justify\"><span style=\"font-family: Arial, sans-serif;\"><span style=\"font-size: medium;\">- No superar la dosis diaria recomendada.<\/span><\/span><\/p>\n<p align=\"justify\"><span style=\"font-family: Arial, sans-serif;\"><span style=\"font-size: medium;\">-Mantener fuera del alcance de los ni\u00f1os.<\/span><\/span><\/p>\n<p><u><b>Ingredientes INCI :<\/b><\/u><\/p>\n<p>Semillas de comino negro et\u00edope en polvo<\/p>\n<p>Pullulan 100 % gelatina vegetal, halal, kosher y sin OGM<\/p>\n<p><u><b>Origen :<\/b><\/u> Francia<\/p>\n<p><u><b>Capacidad :<\/b><\/u> 60 c\u00e1psulas de 500 mg<\/p>\n<p>&nbsp;<\/p>\n<p class=\"western\" align=\"justify\"><span style=\"font-family: Arial, sans-serif;\"><span style=\"font-size: medium;\"><i>\u00bfQuiere saber m\u00e1s sobre el comino negro? Visite <a href=\"https:\/\/1001vertus.com\/es\/comino-negro-la-semilla-con-1001-virtudes\/\">un art\u00edculo completo<\/a> \u00a1sobre esta planta milagrosa en nuestra secci\u00f3n de blogs!<\/i><\/span><\/span><\/p>","protected":false},"excerpt":{"rendered":"<p class=\"western\" align=\"justify\"><span style=\"font-family: Arial, sans-serif;\"><span style=\"font-size: medium;\">Muchas personas est\u00e1n convencidas de los beneficios del comino negro para el organismo y la salud, pero se privan de este asombroso remedio debido a su sabor fuerte y pronunciado. Estas c\u00e1psulas se han creado principalmente para las personas que no soportan el sabor fuerte del aceite o a las que les resulta dif\u00edcil consumir las semillas y el polvo de comino negro.<\/span><\/span><\/p>\n<p class=\"western\" align=\"justify\"><span style=\"font-family: Arial, sans-serif;\"><span style=\"font-size: medium;\">Una vez m\u00e1s, le ofrecemos un producto de calidad, ya que el polvo contenido en las c\u00e1psulas es el mismo que el que vendemos, es decir, un polvo elaborado directamente a partir de semillas et\u00edopes de grado A, la m\u00e1s alta calidad, cuya pureza 99% ha sido certificada por un organismo independiente. Adem\u00e1s, nos comprometemos a ofrecerle un polvo elaborado a partir de semillas de nigella intactas, y no de residuos de semillas ya prensadas, como suele ocurrir en el mercado.<\/span><\/span><\/p>","protected":false},"featured_media":14107,"template":"","meta":[],"product_brand":[],"product_cat":[26,53,28,96],"product_tag":[],"class_list":{"0":"post-728","1":"product","2":"type-product","3":"status-publish","4":"has-post-thumbnail","6":"product_cat-nigelle","7":"product_cat-complements-alimentaires","8":"product_cat-medecine-sante","9":"product_cat-roqya-chariya","11":"first","12":"instock","13":"shipping-taxable","14":"purchasable","15":"product-type-simple"},"_links":{"self":[{"href":"https:\/\/1001vertus.com\/es\/wp-json\/wp\/v2\/product\/728","targetHints":{"allow":["GET"]}}],"collection":[{"href":"https:\/\/1001vertus.com\/es\/wp-json\/wp\/v2\/product"}],"about":[{"href":"https:\/\/1001vertus.com\/es\/wp-json\/wp\/v2\/types\/product"}],"wp:featuredmedia":[{"embeddable":true,"href":"https:\/\/1001vertus.com\/es\/wp-json\/wp\/v2\/media\/14107"}],"wp:attachment":[{"href":"https:\/\/1001vertus.com\/es\/wp-json\/wp\/v2\/media?parent=728"}],"wp:term":[{"taxonomy":"product_brand","embeddable":true,"href":"https:\/\/1001vertus.com\/es\/wp-json\/wp\/v2\/product_brand?post=728"},{"taxonomy":"product_cat","embeddable":true,"href":"https:\/\/1001vertus.com\/es\/wp-json\/wp\/v2\/product_cat?post=728"},{"taxonomy":"product_tag","embeddable":true,"href":"https:\/\/1001vertus.com\/es\/wp-json\/wp\/v2\/product_tag?post=728"}],"curies":[{"name":"wp","href":"https:\/\/api.w.org\/{rel}","templated":true}]}}

Cápsulas vegetales Abyssinia con semillas molidas de comino negro de Etiopía

<p align="justify"><span style="font-family: Arial, sans-serif;"><span style="font-size: medium;">Por ello, nos enorgullece presentarle estas cápsulas con polvo de comino negro, un producto natural excepcional sin aditivos, un auténtico concentrado de bienestar eficaz y fácil de usar. </span></span></p>
<p align="justify"><span style="font-family: Arial, sans-serif;"><span style="font-size: medium;">Como suplemento dietético, el comino negro, además de sus numerosas propiedades digestivas, estimulantes y antioxidantes, está indicado para reforzar el sistema inmunitario y prevenir infecciones y alergias.</span></span></p>
<p align="justify"><span style="font-family: Arial, sans-serif;"><span style="font-size: medium;"><u><b>Consejos de utilización:</b></u></span></span></p>
<p align="justify"><span style="font-family: Arial, sans-serif;"><span style="font-size: medium;">Tomar 1 ó 2 cápsulas por la mañana y por la noche, es decir, un máximo de 4 cápsulas de comino negro en polvo al día, durante 1 ó 2 meses. </span></span></p>
<h4 class="western" align="justify"><span style="font-family: Arial, sans-serif;"><span style="font-size: medium;"><u><br />
Precauciones de uso :</u></span></span></h4>
<p align="justify"><span style="font-family: Arial, sans-serif;"><span style="font-size: medium;">- Conservar en lugar fresco, seco y protegido de la luz.</span></span></p>
<p align="justify"><span style="font-family: Arial, sans-serif;"><span style="font-size: medium;">- No recomendado para mujeres embarazadas o en periodo de lactancia.</span></span></p>
<p align="justify"><span style="font-family: Arial, sans-serif;"><span style="font-size: medium;">- El tamaño de la cápsula no está recomendado para niños menores de 12 años. En este caso, tome media cucharadita de aceite al día mezclada con zumo de frutas, miel, leche o yogur.</span></span></p>
<p align="justify"><span style="font-family: Arial, sans-serif;"><span style="font-size: medium;">- No superar la dosis diaria recomendada.</span></span></p>
<p align="justify"><span style="font-family: Arial, sans-serif;"><span style="font-size: medium;">-Mantener fuera del alcance de los niños.</span></span></p>
<p><u><b>Ingredientes INCI :</b></u></p>
<p>Semillas de comino negro etíope en polvo</p>
<p>Pullulan 100 % gelatina vegetal, halal, kosher y sin OGM</p>
<p><u><b>Origen :</b></u> Francia</p>
<p><u><b>Capacidad :</b></u> 60 cápsulas de 500 mg</p>
<p>&nbsp;</p>
<p class="western" align="justify"><span style="font-family: Arial, sans-serif;"><span style="font-size: medium;"><i>¿Quiere saber más sobre el comino negro? Visite <a href="https://1001vertus.com/es/comino-negro-la-semilla-con-1001-virtudes/">un artículo completo</a> ¡sobre esta planta milagrosa en nuestra sección de blogs!</i></span></span></p>

<p class="western" align="justify"><span style="font-family: Arial, sans-serif;"><span style="font-size: medium;">Muchas personas están convencidas de los beneficios del comino negro para el organismo y la salud, pero se privan de este asombroso remedio debido a su sabor fuerte y pronunciado. Estas cápsulas se han creado principalmente para las personas que no soportan el sabor fuerte del aceite o a las que les resulta difícil consumir las semillas y el polvo de comino negro.</span></span></p>
<p class="western" align="justify"><span style="font-family: Arial, sans-serif;"><span style="font-size: medium;">Una vez más, le ofrecemos un producto de calidad, ya que el polvo contenido en las cápsulas es el mismo que el que vendemos, es decir, un polvo elaborado directamente a partir de semillas etíopes de grado A, la más alta calidad, cuya pureza 99% ha sido certificada por un organismo independiente. Además, nos comprometemos a ofrecerle un polvo elaborado a partir de semillas de nigella intactas, y no de residuos de semillas ya prensadas, como suele ocurrir en el mercado.</span></span></p>
