{"id":2203,"date":"2019-12-23T22:15:37","date_gmt":"2019-12-23T21:15:37","guid":{"rendered":"https:\/\/1001vertus.com\/?post_type=product&#038;p=2203"},"modified":"2023-11-12T17:47:37","modified_gmt":"2023-11-12T16:47:37","slug":"miel-de-invierno-para-diversas-dolencias-invernales-1001-vertus-2","status":"publish","type":"product","link":"https:\/\/1001vertus.com\/es\/produit\/miel-dhiver-pour-les-divers-maux-de-lhiver-1001-vertus-2\/","title":{"rendered":"Miel para el resfriado - La forma melosa de combatir el resfriado y sus peque\u00f1as preocupaciones"},"content":{"rendered":"<p class=\"western\" align=\"left\"><span style=\"font-family: Arial, sans-serif;\"><span style=\"font-size: medium;\">Miel fr\u00eda :<br \/>\n<\/span><\/span><\/p>\n<ul>\n<li>\n<p class=\"western\" align=\"left\"><span style=\"font-family: Arial, sans-serif;\"><span style=\"font-size: medium;\">es ideal para el dolor de garganta,<\/span><\/span><\/p>\n<\/li>\n<li>\n<p class=\"western\" align=\"left\"><span style=\"font-family: Arial, sans-serif;\"><span style=\"font-size: medium;\">alivia la tos,<\/span><\/span><\/p>\n<\/li>\n<li>\n<p class=\"western\" align=\"left\"><span style=\"font-family: Arial, sans-serif;\"><span style=\"font-size: medium;\">despeja las v\u00edas respiratorias,<\/span><\/span><\/p>\n<\/li>\n<li>\n<p class=\"western\" align=\"left\"><span style=\"font-family: Arial, sans-serif;\"><span style=\"font-size: medium;\">alivia los dolores de garganta,<\/span><\/span><\/p>\n<\/li>\n<li>\n<p class=\"western\" align=\"left\"><span style=\"font-family: Arial, sans-serif;\"><span style=\"font-size: medium;\">despeja la nariz<\/span><\/span><\/p>\n<\/li>\n<li>\n<p class=\"western\" align=\"left\"><span style=\"font-family: Arial, sans-serif;\"><span style=\"font-size: medium;\">refuerza el sistema inmunitario.<\/span><\/span><\/p>\n<\/li>\n<\/ul>\n<p>&nbsp;<\/p>\n<p class=\"western\" align=\"left\"><span style=\"font-family: Arial, sans-serif;\"><span style=\"font-size: medium;\"><u><b>Cu\u00e1ndo y c\u00f3mo utilizarlo :<\/b><\/u><\/span><\/span><\/p>\n<p class=\"western\" align=\"left\"><span style=\"font-family: Arial, sans-serif;\"><span style=\"font-size: medium;\">Puede tomarlo como medida preventiva tomando una buena cucharadita por la ma\u00f1ana, a ser posible en ayunas.<\/span><\/span><\/p>\n<p class=\"western\" align=\"left\"><span style=\"font-family: Arial, sans-serif;\"><span style=\"font-size: medium;\">Tambi\u00e9n puede tomarlo a cualquier hora del d\u00eda o de la noche, siempre que sienta la necesidad (dolor de garganta, ataque de tos...).<\/span><\/span><\/p>\n<p class=\"western\" align=\"left\"><span style=\"font-family: Arial, sans-serif;\"><span style=\"font-size: medium;\">Debido a las diferentes texturas de los ingredientes, algunos de ellos, en particular el comino negro en polvo, pueden subir de forma natural a la superficie. Por ello, es importante mezclar bien para obtener una textura homog\u00e9nea antes de consumir esta preparaci\u00f3n.<\/span><\/span><\/p>\n<p class=\"western\"><span style=\"font-family: Arial, sans-serif;\"><span style=\"font-size: medium;\"><u>Ingredientes:<\/u><\/span><\/span><\/p>\n<p class=\"western\"><span style=\"font-family: Arial, sans-serif;\"><span style=\"font-size: medium;\">Miel de tomillo<\/span><\/span><\/p>\n<p class=\"western\"><span style=\"font-family: Arial, sans-serif;\"><span style=\"font-size: medium;\">Semillas de comino negro en polvo<\/span><\/span><\/p>\n<p class=\"western\"><span style=\"font-family: Arial, sans-serif;\"><span style=\"font-size: medium;\">Prop\u00f3leo<\/span><\/span><\/p>\n<p class=\"western\"><span style=\"font-family: Arial, sans-serif;\"><span style=\"font-size: medium;\">Acerola<\/span><\/span><\/p>\n<p class=\"western\"><span style=\"font-family: Arial, sans-serif;\"><span style=\"font-size: medium;\">Aceite esencial de menta piperita<\/span><\/span><\/p>\n<p>&nbsp;<\/p>\n<p class=\"western\"><span style=\"color: #00000a;\"><span style=\"font-family: Arial, sans-serif;\"><span style=\"font-size: medium;\"><u>Contraindicaciones:<\/u><\/span><\/span><\/span><span style=\"color: #00000a;\"><span style=\"font-family: Arial, sans-serif;\"><span style=\"font-size: medium;\"> No apto para mujeres embarazadas o en per\u00edodo de lactancia ni para ni\u00f1os menores de 6 a\u00f1os.<\/span><\/span><\/span><\/p>\n<p class=\"western\"><span style=\"color: #00000a;\"><span style=\"font-family: Arial, sans-serif;\"><span style=\"font-size: medium;\"><u>Capacidad :<\/u><\/span><\/span><\/span><span style=\"color: #00000a;\"><span style=\"font-family: Arial, sans-serif;\"><span style=\"font-size: medium;\"> 250g<br \/>\n<\/span><\/span><\/span><\/p>\n<p class=\"western\"><span style=\"color: #00000a;\"><span style=\"font-family: Arial, sans-serif;\"><span style=\"font-size: medium;\"><u>Origen :<\/u><\/span><\/span><\/span><span style=\"font-family: Arial, sans-serif;\"><span style=\"font-size: medium;\"> Francia.<\/span><\/span><\/p>\n<p class=\"western\" align=\"left\"><span style=\"font-family: Arial, sans-serif;\"><span style=\"font-size: medium;\">La miel fr\u00eda se envasa en un tarro de cristal de boca ancha para facilitar la mezcla.<\/span><\/span><\/p>\n<p align=\"left\"><strong><u><b>Tenga en cuenta lo siguiente:<\/b><\/u><\/strong> Le recordamos que est\u00e1 prohibido dar miel a los lactantes. Para saber m\u00e1s, lea <a href=\"https:\/\/1001vertus.com\/es\/miel-prohibida-para-los-lactantes\/\">este art\u00edculo<\/a>.<\/p>","protected":false},"excerpt":{"rendered":"<p class=\"western\" align=\"left\"><span style=\"font-family: Arial, sans-serif;\"><span style=\"font-size: medium;\">Dolor de garganta, tos, problemas respiratorios o congesti\u00f3n nasal... Son las inevitables preocupaciones invernales. Hemos encontrado una soluci\u00f3n en forma de \u00abmiel para el resfriado\u00bb.<\/span><\/span><\/p>\n<p class=\"western\" align=\"left\"><span style=\"font-family: Arial, sans-serif;\"><span style=\"font-size: medium;\">Este preparado natural a base de miel 100 % no s\u00f3lo reforzar\u00e1 sus defensas inmunitarias, sino que tambi\u00e9n le ayudar\u00e1 a combatir todas esas peque\u00f1as molestias invernales.<\/span><\/span><\/p>\n<p class=\"western\" align=\"left\"><span style=\"font-family: Arial, sans-serif;\"><span style=\"font-size: medium;\">Como habr\u00e1s deducido, la miel fr\u00eda es la forma perfecta de combatir el fr\u00edo y todas sus peque\u00f1as preocupaciones.<br \/>\n<\/span><\/span><\/p>","protected":false},"featured_media":2328,"template":"","meta":[],"product_brand":[],"product_cat":[108],"product_tag":[],"class_list":{"0":"post-2203","1":"product","2":"type-product","3":"status-publish","4":"has-post-thumbnail","6":"product_cat-rupture-de-stock","8":"first","9":"outofstock","10":"shipping-taxable","11":"purchasable","12":"product-type-simple"},"_links":{"self":[{"href":"https:\/\/1001vertus.com\/es\/wp-json\/wp\/v2\/product\/2203","targetHints":{"allow":["GET"]}}],"collection":[{"href":"https:\/\/1001vertus.com\/es\/wp-json\/wp\/v2\/product"}],"about":[{"href":"https:\/\/1001vertus.com\/es\/wp-json\/wp\/v2\/types\/product"}],"wp:featuredmedia":[{"embeddable":true,"href":"https:\/\/1001vertus.com\/es\/wp-json\/wp\/v2\/media\/2328"}],"wp:attachment":[{"href":"https:\/\/1001vertus.com\/es\/wp-json\/wp\/v2\/media?parent=2203"}],"wp:term":[{"taxonomy":"product_brand","embeddable":true,"href":"https:\/\/1001vertus.com\/es\/wp-json\/wp\/v2\/product_brand?post=2203"},{"taxonomy":"product_cat","embeddable":true,"href":"https:\/\/1001vertus.com\/es\/wp-json\/wp\/v2\/product_cat?post=2203"},{"taxonomy":"product_tag","embeddable":true,"href":"https:\/\/1001vertus.com\/es\/wp-json\/wp\/v2\/product_tag?post=2203"}],"curies":[{"name":"wp","href":"https:\/\/api.w.org\/{rel}","templated":true}]}}

Miel para el resfriado - La forma melosa de combatir el resfriado y sus pequeñas preocupaciones

<p class="western" align="left"><span style="font-family: Arial, sans-serif;"><span style="font-size: medium;">Miel fría :<br />
</span></span></p>
<ul>
<li>
<p class="western" align="left"><span style="font-family: Arial, sans-serif;"><span style="font-size: medium;">es ideal para el dolor de garganta,</span></span></p>
</li>
<li>
<p class="western" align="left"><span style="font-family: Arial, sans-serif;"><span style="font-size: medium;">alivia la tos,</span></span></p>
</li>
<li>
<p class="western" align="left"><span style="font-family: Arial, sans-serif;"><span style="font-size: medium;">despeja las vías respiratorias,</span></span></p>
</li>
<li>
<p class="western" align="left"><span style="font-family: Arial, sans-serif;"><span style="font-size: medium;">alivia los dolores de garganta,</span></span></p>
</li>
<li>
<p class="western" align="left"><span style="font-family: Arial, sans-serif;"><span style="font-size: medium;">despeja la nariz</span></span></p>
</li>
<li>
<p class="western" align="left"><span style="font-family: Arial, sans-serif;"><span style="font-size: medium;">refuerza el sistema inmunitario.</span></span></p>
</li>
</ul>
<p>&nbsp;</p>
<p class="western" align="left"><span style="font-family: Arial, sans-serif;"><span style="font-size: medium;"><u><b>Cuándo y cómo utilizarlo :</b></u></span></span></p>
<p class="western" align="left"><span style="font-family: Arial, sans-serif;"><span style="font-size: medium;">Puede tomarlo como medida preventiva tomando una buena cucharadita por la mañana, a ser posible en ayunas.</span></span></p>
<p class="western" align="left"><span style="font-family: Arial, sans-serif;"><span style="font-size: medium;">También puede tomarlo a cualquier hora del día o de la noche, siempre que sienta la necesidad (dolor de garganta, ataque de tos...).</span></span></p>
<p class="western" align="left"><span style="font-family: Arial, sans-serif;"><span style="font-size: medium;">Debido a las diferentes texturas de los ingredientes, algunos de ellos, en particular el comino negro en polvo, pueden subir de forma natural a la superficie. Por ello, es importante mezclar bien para obtener una textura homogénea antes de consumir esta preparación.</span></span></p>
<p class="western"><span style="font-family: Arial, sans-serif;"><span style="font-size: medium;"><u>Ingredientes:</u></span></span></p>
<p class="western"><span style="font-family: Arial, sans-serif;"><span style="font-size: medium;">Miel de tomillo</span></span></p>
<p class="western"><span style="font-family: Arial, sans-serif;"><span style="font-size: medium;">Semillas de comino negro en polvo</span></span></p>
<p class="western"><span style="font-family: Arial, sans-serif;"><span style="font-size: medium;">Propóleo</span></span></p>
<p class="western"><span style="font-family: Arial, sans-serif;"><span style="font-size: medium;">Acerola</span></span></p>
<p class="western"><span style="font-family: Arial, sans-serif;"><span style="font-size: medium;">Aceite esencial de menta piperita</span></span></p>
<p>&nbsp;</p>
<p class="western"><span style="color: #00000a;"><span style="font-family: Arial, sans-serif;"><span style="font-size: medium;"><u>Contraindicaciones:</u></span></span></span><span style="color: #00000a;"><span style="font-family: Arial, sans-serif;"><span style="font-size: medium;"> No apto para mujeres embarazadas o en período de lactancia ni para niños menores de 6 años.</span></span></span></p>
<p class="western"><span style="color: #00000a;"><span style="font-family: Arial, sans-serif;"><span style="font-size: medium;"><u>Capacidad :</u></span></span></span><span style="color: #00000a;"><span style="font-family: Arial, sans-serif;"><span style="font-size: medium;"> 250g<br />
</span></span></span></p>
<p class="western"><span style="color: #00000a;"><span style="font-family: Arial, sans-serif;"><span style="font-size: medium;"><u>Origen :</u></span></span></span><span style="font-family: Arial, sans-serif;"><span style="font-size: medium;"> Francia.</span></span></p>
<p class="western" align="left"><span style="font-family: Arial, sans-serif;"><span style="font-size: medium;">La miel fría se envasa en un tarro de cristal de boca ancha para facilitar la mezcla.</span></span></p>
<p align="left"><strong><u><b>Tenga en cuenta lo siguiente:</b></u></strong> Le recordamos que está prohibido dar miel a los lactantes. Para saber más, lea <a href="https://1001vertus.com/es/miel-prohibida-para-los-lactantes/">este artículo</a>.</p>

<p class="western" align="left"><span style="font-family: Arial, sans-serif;"><span style="font-size: medium;">Dolor de garganta, tos, problemas respiratorios o congestión nasal... Son las inevitables preocupaciones invernales. Hemos encontrado una solución en forma de «miel para el resfriado».</span></span></p>
<p class="western" align="left"><span style="font-family: Arial, sans-serif;"><span style="font-size: medium;">Este preparado natural a base de miel 100 % no sólo reforzará sus defensas inmunitarias, sino que también le ayudará a combatir todas esas pequeñas molestias invernales.</span></span></p>
<p class="western" align="left"><span style="font-family: Arial, sans-serif;"><span style="font-size: medium;">Como habrás deducido, la miel fría es la forma perfecta de combatir el frío y todas sus pequeñas preocupaciones.<br />
</span></span></p>
