{"id":2196,"date":"2019-12-23T21:39:10","date_gmt":"2019-12-23T20:39:10","guid":{"rendered":"https:\/\/1001vertus.com\/?post_type=product&#038;p=2196"},"modified":"2024-06-07T10:46:39","modified_gmt":"2024-06-07T09:46:39","slug":"jabon-vegetal-natural-con-leche-de-camello","status":"publish","type":"product","link":"https:\/\/1001vertus.com\/es\/produit\/savon-vegetal-nature-au-lait-de-chamelle\/","title":{"rendered":"Jab\u00f3n vegetal NATURE con leche de camello"},"content":{"rendered":"<p class=\"western\" align=\"justify\"><span style=\"font-family: Arial, sans-serif;\"><span style=\"font-size: medium;\">Fabriqu\u00e9 en France traditionnellement et \u00e0 la main, la base de ce savon v\u00e9g\u00e9tal est r\u00e9alis\u00e9e selon la recette du savon de Marseille, c&rsquo;est \u00e0 dire\u00a0\u00e0 partir d&rsquo;huile d&rsquo;olive et d&rsquo;huile de coco.<\/span><\/span><\/p>\n<p class=\"western\" align=\"justify\"><span style=\"font-family: Arial, sans-serif;\"><span style=\"font-size: medium;\"><b>Natural y sin productos qu\u00edmicos, est\u00e1 enriquecido con 10% de leche de camello que hemos seleccionado con sumo cuidado.<\/b><\/span><\/span><\/p>\n<p class=\"western\" align=\"justify\"><span style=\"font-family: Arial, sans-serif;\"><span style=\"font-size: medium;\">La leche de camello es rica en minerales y vitaminas: C, A, B1, B2 y B12.<\/span><\/span><\/p>\n<p class=\"western\" align=\"justify\"><span style=\"font-family: Arial, sans-serif;\"><span style=\"font-size: medium;\">Contiene :<\/span><\/span><\/p>\n<p class=\"western\" align=\"justify\"><span style=\"font-family: Arial, sans-serif;\"><span style=\"font-size: medium;\">- LANOLINE para ayudar a hidratar la piel<\/span><\/span><\/p>\n<p class=\"western\" align=\"justify\"><span style=\"font-family: Arial, sans-serif;\"><span style=\"font-size: medium;\">- VITAMINA C por sus propiedades antioxidantes<\/span><\/span><\/p>\n<p class=\"western\" align=\"justify\"><span style=\"font-family: Arial, sans-serif;\"><span style=\"font-size: medium;\">- VITAMINA B para proteger de los rayos UV<\/span><\/span><\/p>\n<p class=\"western\" align=\"justify\"><span style=\"font-family: Arial, sans-serif;\"><span style=\"font-size: medium;\">- \u00c1CIDOS AM\u00cdNICOS que forman una barrera antimicrobiana eficaz<\/span><\/span><\/p>\n<p class=\"western\" align=\"justify\"><span style=\"font-family: Arial, sans-serif;\"><span style=\"font-size: medium;\">- PROPIEDADES ANTI INFLAMATORIAS para aliviar los efectos del ECZEMA<\/span><\/span><\/p>\n<p class=\"western\" align=\"justify\"><span style=\"font-family: Arial, sans-serif;\"><span style=\"font-size: medium;\"><u><b>Uso recomendado :<\/b><\/u><\/span><\/span><\/p>\n<p class=\"western\" align=\"justify\"><span style=\"font-family: Arial, sans-serif;\"><span style=\"font-size: medium;\">Sobre la piel h\u00fameda, trabajar el jab\u00f3n hasta obtener una espuma moderada y dejar actuar unos instantes antes de aclarar.<\/span><\/span><\/p>\n<p class=\"western\" align=\"justify\"><span style=\"font-family: Arial, sans-serif;\"><span style=\"font-size: medium;\"><u><b>Ingredientes:<\/b><\/u><\/span><\/span><\/p>\n<p class=\"western\" align=\"justify\"><span style=\"font-family: Arial, sans-serif;\"><span style=\"font-size: medium;\">Olivato de sodio<\/span><\/span><\/p>\n<p class=\"western\" align=\"justify\"><span style=\"font-family: Arial, sans-serif;\"><span style=\"font-size: medium;\">Cocoato de sodio<\/span><\/span><\/p>\n<p class=\"western\" align=\"justify\"><span style=\"font-family: Arial, sans-serif;\"><span style=\"font-size: medium;\">Aqua<\/span><\/span><\/p>\n<p class=\"western\" align=\"justify\"><span style=\"font-family: Arial, sans-serif;\"><span style=\"font-size: medium;\">Glicerina<\/span><\/span><\/p>\n<p class=\"western\" align=\"justify\"><span style=\"font-family: Arial, sans-serif;\"><span style=\"font-size: medium;\">Leche de camello<\/span><\/span><\/p>\n<p class=\"western\" align=\"justify\"><span style=\"font-family: Arial, sans-serif;\"><span style=\"font-size: medium;\">Aceite de Olea Europea<\/span><\/span><\/p>\n<p class=\"western\" align=\"justify\"><span style=\"font-family: Arial, sans-serif;\"><span style=\"font-size: medium;\">Cloruro de sodio<\/span><\/span><\/p>\n<p class=\"western\" align=\"justify\"><span style=\"font-family: Arial, sans-serif;\"><span style=\"font-size: medium;\">Diacetato de glutamato tetras\u00f3dico<\/span><\/span><\/p>\n<p class=\"western\" align=\"justify\"><span style=\"font-family: Arial, sans-serif;\"><span style=\"font-size: medium;\"><u><b>Fuente :<\/b><\/u><\/span><\/span><span style=\"font-family: Arial, sans-serif;\"><span style=\"font-size: medium;\"> Francia<\/span><\/span><\/p>\n<p class=\"western\" align=\"justify\"><span style=\"font-family: Arial, sans-serif;\"><span style=\"font-size: medium;\"><u><b>Peso :<\/b><\/u><\/span><\/span><span style=\"font-family: Arial, sans-serif;\"><span style=\"font-size: medium;\"> 100g<\/span><\/span><\/p>","protected":false},"excerpt":{"rendered":"<p class=\"western\" align=\"justify\"><span style=\"font-family: Arial, sans-serif;\"><span style=\"font-size: medium;\">Pens\u00e9 le plus naturel possible afin de b\u00e9n\u00e9ficier de fa\u00e7on optimale des bienfaits du lait de chamelle, ce savon est l<\/span><\/span><span style=\"font-family: Arial, sans-serif;\"><span style=\"font-size: medium;\">\u00e9g\u00e8rement sur-gras, \u00e0 l\u2019huile d\u2019olive BIO d\u2019un petit village de Provence.<\/span><\/span><\/p>\n<p class=\"western\" align=\"justify\"><span style=\"font-family: Arial, sans-serif;\"><span style=\"font-size: medium;\">Il convient \u00e0 toutes les peaux.<\/span><\/span><\/p>","protected":false},"featured_media":2192,"template":"","meta":[],"product_brand":[],"product_cat":[27,55,80],"product_tag":[],"class_list":{"0":"post-2196","1":"product","2":"type-product","3":"status-publish","4":"has-post-thumbnail","6":"product_cat-bien-etre","7":"product_cat-savon","8":"product_cat-savon-au-lait-de-chamelle","10":"first","11":"outofstock","12":"shipping-taxable","13":"purchasable","14":"product-type-simple"},"_links":{"self":[{"href":"https:\/\/1001vertus.com\/es\/wp-json\/wp\/v2\/product\/2196","targetHints":{"allow":["GET"]}}],"collection":[{"href":"https:\/\/1001vertus.com\/es\/wp-json\/wp\/v2\/product"}],"about":[{"href":"https:\/\/1001vertus.com\/es\/wp-json\/wp\/v2\/types\/product"}],"wp:featuredmedia":[{"embeddable":true,"href":"https:\/\/1001vertus.com\/es\/wp-json\/wp\/v2\/media\/2192"}],"wp:attachment":[{"href":"https:\/\/1001vertus.com\/es\/wp-json\/wp\/v2\/media?parent=2196"}],"wp:term":[{"taxonomy":"product_brand","embeddable":true,"href":"https:\/\/1001vertus.com\/es\/wp-json\/wp\/v2\/product_brand?post=2196"},{"taxonomy":"product_cat","embeddable":true,"href":"https:\/\/1001vertus.com\/es\/wp-json\/wp\/v2\/product_cat?post=2196"},{"taxonomy":"product_tag","embeddable":true,"href":"https:\/\/1001vertus.com\/es\/wp-json\/wp\/v2\/product_tag?post=2196"}],"curies":[{"name":"wp","href":"https:\/\/api.w.org\/{rel}","templated":true}]}}

Jabón vegetal NATURE con leche de camello

<p class="western" align="justify"><span style="font-family: Arial, sans-serif;"><span style="font-size: medium;">Fabriqué en France traditionnellement et à la main, la base de ce savon végétal est réalisée selon la recette du savon de Marseille, c&rsquo;est à dire à partir d&rsquo;huile d&rsquo;olive et d&rsquo;huile de coco.</span></span></p>
<p class="western" align="justify"><span style="font-family: Arial, sans-serif;"><span style="font-size: medium;"><b>Natural y sin productos químicos, está enriquecido con 10% de leche de camello que hemos seleccionado con sumo cuidado.</b></span></span></p>
<p class="western" align="justify"><span style="font-family: Arial, sans-serif;"><span style="font-size: medium;">La leche de camello es rica en minerales y vitaminas: C, A, B1, B2 y B12.</span></span></p>
<p class="western" align="justify"><span style="font-family: Arial, sans-serif;"><span style="font-size: medium;">Contiene :</span></span></p>
<p class="western" align="justify"><span style="font-family: Arial, sans-serif;"><span style="font-size: medium;">- LANOLINE para ayudar a hidratar la piel</span></span></p>
<p class="western" align="justify"><span style="font-family: Arial, sans-serif;"><span style="font-size: medium;">- VITAMINA C por sus propiedades antioxidantes</span></span></p>
<p class="western" align="justify"><span style="font-family: Arial, sans-serif;"><span style="font-size: medium;">- VITAMINA B para proteger de los rayos UV</span></span></p>
<p class="western" align="justify"><span style="font-family: Arial, sans-serif;"><span style="font-size: medium;">- ÁCIDOS AMÍNICOS que forman una barrera antimicrobiana eficaz</span></span></p>
<p class="western" align="justify"><span style="font-family: Arial, sans-serif;"><span style="font-size: medium;">- PROPIEDADES ANTI INFLAMATORIAS para aliviar los efectos del ECZEMA</span></span></p>
<p class="western" align="justify"><span style="font-family: Arial, sans-serif;"><span style="font-size: medium;"><u><b>Uso recomendado :</b></u></span></span></p>
<p class="western" align="justify"><span style="font-family: Arial, sans-serif;"><span style="font-size: medium;">Sobre la piel húmeda, trabajar el jabón hasta obtener una espuma moderada y dejar actuar unos instantes antes de aclarar.</span></span></p>
<p class="western" align="justify"><span style="font-family: Arial, sans-serif;"><span style="font-size: medium;"><u><b>Ingredientes:</b></u></span></span></p>
<p class="western" align="justify"><span style="font-family: Arial, sans-serif;"><span style="font-size: medium;">Olivato de sodio</span></span></p>
<p class="western" align="justify"><span style="font-family: Arial, sans-serif;"><span style="font-size: medium;">Cocoato de sodio</span></span></p>
<p class="western" align="justify"><span style="font-family: Arial, sans-serif;"><span style="font-size: medium;">Aqua</span></span></p>
<p class="western" align="justify"><span style="font-family: Arial, sans-serif;"><span style="font-size: medium;">Glicerina</span></span></p>
<p class="western" align="justify"><span style="font-family: Arial, sans-serif;"><span style="font-size: medium;">Leche de camello</span></span></p>
<p class="western" align="justify"><span style="font-family: Arial, sans-serif;"><span style="font-size: medium;">Aceite de Olea Europea</span></span></p>
<p class="western" align="justify"><span style="font-family: Arial, sans-serif;"><span style="font-size: medium;">Cloruro de sodio</span></span></p>
<p class="western" align="justify"><span style="font-family: Arial, sans-serif;"><span style="font-size: medium;">Diacetato de glutamato tetrasódico</span></span></p>
<p class="western" align="justify"><span style="font-family: Arial, sans-serif;"><span style="font-size: medium;"><u><b>Fuente :</b></u></span></span><span style="font-family: Arial, sans-serif;"><span style="font-size: medium;"> Francia</span></span></p>
<p class="western" align="justify"><span style="font-family: Arial, sans-serif;"><span style="font-size: medium;"><u><b>Peso :</b></u></span></span><span style="font-family: Arial, sans-serif;"><span style="font-size: medium;"> 100g</span></span></p>

<p class="western" align="justify"><span style="font-family: Arial, sans-serif;"><span style="font-size: medium;">Pensé le plus naturel possible afin de bénéficier de façon optimale des bienfaits du lait de chamelle, ce savon est l</span></span><span style="font-family: Arial, sans-serif;"><span style="font-size: medium;">égèrement sur-gras, à l’huile d’olive BIO d’un petit village de Provence.</span></span></p>
<p class="western" align="justify"><span style="font-family: Arial, sans-serif;"><span style="font-size: medium;">Il convient à toutes les peaux.</span></span></p>
