{"id":43609,"date":"2025-11-22T09:48:35","date_gmt":"2025-11-22T08:48:35","guid":{"rendered":"https:\/\/1001vertus.com\/?post_type=product&#038;p=43609"},"modified":"2026-02-21T10:51:42","modified_gmt":"2026-02-21T09:51:42","slug":"handgemachte-seife-mit-nila-assali","status":"publish","type":"product","link":"https:\/\/1001vertus.com\/de\/produit\/savon-artisanal-au-nila-assali\/","title":{"rendered":"Savon artisanal au nila 100g &#8211; Assali"},"content":{"rendered":"","protected":false},"excerpt":{"rendered":"<p><strong>Verwendung :<\/strong> F\u00fcr das Gesicht und den K\u00f6rper. Kann t\u00e4glich oder als Maske verwendet werden (einige Minuten vor dem Absp\u00fclen einwirken lassen).<\/p>","protected":false},"featured_media":43610,"template":"","meta":[],"product_brand":[],"product_cat":[55],"product_tag":[],"class_list":{"0":"post-43609","1":"product","2":"type-product","3":"status-publish","4":"has-post-thumbnail","6":"product_cat-savon","8":"first","9":"instock","10":"shipping-taxable","11":"purchasable","12":"product-type-simple"},"_links":{"self":[{"href":"https:\/\/1001vertus.com\/de\/wp-json\/wp\/v2\/product\/43609","targetHints":{"allow":["GET"]}}],"collection":[{"href":"https:\/\/1001vertus.com\/de\/wp-json\/wp\/v2\/product"}],"about":[{"href":"https:\/\/1001vertus.com\/de\/wp-json\/wp\/v2\/types\/product"}],"wp:featuredmedia":[{"embeddable":true,"href":"https:\/\/1001vertus.com\/de\/wp-json\/wp\/v2\/media\/43610"}],"wp:attachment":[{"href":"https:\/\/1001vertus.com\/de\/wp-json\/wp\/v2\/media?parent=43609"}],"wp:term":[{"taxonomy":"product_brand","embeddable":true,"href":"https:\/\/1001vertus.com\/de\/wp-json\/wp\/v2\/product_brand?post=43609"},{"taxonomy":"product_cat","embeddable":true,"href":"https:\/\/1001vertus.com\/de\/wp-json\/wp\/v2\/product_cat?post=43609"},{"taxonomy":"product_tag","embeddable":true,"href":"https:\/\/1001vertus.com\/de\/wp-json\/wp\/v2\/product_tag?post=43609"}],"curies":[{"name":"wp","href":"https:\/\/api.w.org\/{rel}","templated":true}]}}

<p><strong>Verwendung :</strong> Für das Gesicht und den Körper. Kann täglich oder als Maske verwendet werden (einige Minuten vor dem Abspülen einwirken lassen).</p>
